{"id":22149,"date":"2015-12-08T21:09:23","date_gmt":"2015-12-08T20:09:23","guid":{"rendered":"http:\/\/www.accompagnementfga.ca\/mondecontemporain\/?page_id=22149"},"modified":"2022-06-13T14:07:04","modified_gmt":"2022-06-13T18:07:04","slug":"soutiller-pour-evaluer","status":"publish","type":"page","link":"https:\/\/www.accompagnementfga.ca\/mondecontemporain\/soutiller-pour-evaluer\/","title":{"rendered":"Nouveau regard sur l&rsquo;\u00e9valuation des apprentissages en Monde contemporain (2015)"},"content":{"rendered":"<div class=\"wpb-content-wrapper\"><p>[vc_row row_type=\u00a0\u00bbrow\u00a0\u00bb use_row_as_full_screen_section=\u00a0\u00bbno\u00a0\u00bb type=\u00a0\u00bbgrid\u00a0\u00bb text_align=\u00a0\u00bbleft\u00a0\u00bb background_color=\u00a0\u00bb#ffffff\u00a0\u00bb padding_top=\u00a0\u00bb100&Prime; padding_bottom=\u00a0\u00bb50&Prime; css_animation=\u00a0\u00bb\u00a0\u00bb][vc_column width=\u00a0\u00bb1\/6&Prime;][vc_empty_space height=\u00a0\u00bb300px\u00a0\u00bb]<div class='q_icon_with_title   center'><div class=\"icon_holder \" style=\" \"><div class=\"icon_holder_inner\"><span class=\"q_font_elegant_holder  \" style=\"font-size: 30px;\"><span class=\"icon_text_icon q_font_elegant_icon icon_document_alt\" aria-hidden=\"true\" style=\"font-size: 30px;\"><\/span><\/span><\/div><\/div><div class=\"icon_text_holder\" style=\"\"><div class=\"icon_text_inner\" style=\"\"><h4 class=\"icon_title\" style=\"\"><\/h4><p style=''><\/p><\/div><\/div><\/div>[vc_empty_space height=\u00a0\u00bb760px\u00a0\u00bb]<div class='q_icon_with_title   center'><div class=\"icon_holder \" style=\" \"><div class=\"icon_holder_inner\"><span class=\"q_font_elegant_holder  \" style=\"font-size: 30px;\"><span class=\"icon_text_icon q_font_elegant_icon icon_document_alt\" aria-hidden=\"true\" style=\"font-size: 30px;\"><\/span><\/span><\/div><\/div><div class=\"icon_text_holder\" style=\"\"><div class=\"icon_text_inner\" style=\"\"><h4 class=\"icon_title\" style=\"\"><\/h4><p style=''><\/p><\/div><\/div><\/div>[\/vc_column][vc_column width=\u00a0\u00bb2\/3&Prime;][vc_column_text]<\/p>\n<h5>Nouveau regard sur l&rsquo;\u00e9valuation des apprentissages en Monde contemporain<\/h5>\n<p>[\/vc_column_text][vc_separator type=\u00a0\u00bbtransparent\u00a0\u00bb border_style=\u00a0\u00bb\u00a0\u00bb thickness=\u00a0\u00bb1&Prime; up=\u00a0\u00bb20&Prime; down=\u00a0\u00bb0&Prime;][vc_column_text]<\/p>\n<p style=\"text-align: justify\">Nouveaux cours, nouvelles pratiques : nouveaux outils d\u2019\u00e9valuation. Cet atelier s\u2019adresse d\u2019abord aux enseignants qui d\u00e9sirent se familiariser avec les instruments d\u2019\u00e9valuation minist\u00e9riels. Pour ce faire, les participants auront, notamment, l\u2019occasion de collaborer avec leurs pairs pour s\u2019initier \u00e0 la d\u00e9marche d\u2019\u00e9valuation de la comp\u00e9tence 1 \u00e0 l\u2019\u00e9gard du crit\u00e8re d\u2019\u00e9valuation \u00ab Rigueur du raisonnement \u00bb du programme d\u2019\u00e9tudes Monde contemporain en apprenant \u00e0 manipuler les outils qui leur serviront \u00e0 porter un jugement professionnel sur la r\u00e9alisation d\u2019une t\u00e2che complexe.<\/p>\n<h4>\u00a0[vc_separator type=&rsquo;normal&rsquo; position=&rsquo;center&rsquo; color=&rsquo;#000000&prime; border_style=&rsquo;solid&rsquo; thickness=\u00a0\u00bb up=\u00a0\u00bb down=\u00a0\u00bb]<\/h4>\n<p>&nbsp;<\/p>\n<h4><span style=\"color: #000000\"><strong>Version fran\u00e7aise<\/strong><\/span><\/h4>\n<p>&nbsp;<\/p>\n<h4>Documents d&rsquo;accompagnement<\/h4>\n<p>&nbsp;<\/p>\n<p><a href=\"http:\/\/www.accompagnementfga.ca\/mondecontemporain\/wp-content\/uploads\/sites\/29\/2015\/12\/ppt_monde_contemporain.pdf\" class=\"mtli_attachment mtli_pdf\">Pr\u00e9sentation de l&rsquo;atelier<\/a><\/p>\n<p><a href=\"http:\/\/www.accompagnementfga.ca\/mondecontemporain\/wp-content\/uploads\/sites\/29\/2017\/01\/Activit\u00e9-2_question_rigueur_pouvoir.pdf\" class=\"mtli_attachment mtli_pdf\">Exemple d&rsquo;une question pour le crit\u00e8re d&rsquo;\u00e9valuation Rigueur du raisonnement<\/a><\/p>\n<p><a href=\"http:\/\/www.accompagnementfga.ca\/mondecontemporain\/wp-content\/uploads\/sites\/29\/2017\/01\/SCH-5102-2_Dossier_documentaire_pouvoir.pdf\" class=\"mtli_attachment mtli_pdf\">Th\u00e8me Pouvoir &#8211; Dossier documentaire<\/a><\/p>\n<p><a href=\"http:\/\/www.accompagnementfga.ca\/mondecontemporain\/wp-content\/uploads\/sites\/29\/2017\/01\/Schema_Feuillet-1.pdf\" class=\"mtli_attachment mtli_pdf\">Sch\u00e9ma<\/a><\/p>\n<p><a href=\"http:\/\/www.accompagnementfga.ca\/mondecontemporain\/wp-content\/uploads\/sites\/29\/2017\/01\/Grille_evaluation_interpretation_criterielle.pdf\" class=\"mtli_attachment mtli_pdf\">Grille d&rsquo;\u00e9valuation \u00e0 interpr\u00e9tation crit\u00e9rielle<\/a><\/p>\n<p><a href=\"http:\/\/www.accompagnementfga.ca\/mondecontemporain\/wp-content\/uploads\/sites\/29\/2017\/01\/Liste_verification.pdf\" class=\"mtli_attachment mtli_pdf\">Liste de v\u00e9rification<\/a><\/p>\n<p>&nbsp;<\/p>\n<h4>Copies des adultes<\/h4>\n<p>&nbsp;<\/p>\n<table style=\"height: 260px\" width=\"648\">\n<tbody>\n<tr>\n<td width=\"192\">\n<h4 style=\"text-align: left\">COPIE\u00a01<\/h4>\n<\/td>\n<td style=\"text-align: center\" width=\"192\">\n<h4 style=\"text-align: left\">COPIE\u00a02<\/h4>\n<\/td>\n<td style=\"text-align: left\" width=\"192\">\n<h4>COPIE\u00a03<\/h4>\n<\/td>\n<\/tr>\n<tr>\n<td width=\"192\">\n<p style=\"text-align: left\"><a href=\"http:\/\/www.accompagnementfga.ca\/mondecontemporain\/wp-content\/uploads\/sites\/29\/2017\/01\/Faible_2_1.pdf\" class=\"mtli_attachment mtli_pdf\">R\u00e9ponse<\/a><\/p>\n<\/td>\n<td style=\"text-align: left\" width=\"192\"><a href=\"http:\/\/www.accompagnementfga.ca\/mondecontemporain\/wp-content\/uploads\/sites\/29\/2017\/01\/Moyen_2_1.pdf\" class=\"mtli_attachment mtli_pdf\">R\u00e9ponse<\/a><\/td>\n<td style=\"text-align: left\" width=\"192\">\n<p style=\"text-align: left\"><a href=\"http:\/\/www.accompagnementfga.ca\/mondecontemporain\/wp-content\/uploads\/sites\/29\/2017\/01\/Fort_2_1.pdf\" class=\"mtli_attachment mtli_pdf\">R\u00e9ponse<\/a><\/p>\n<\/td>\n<\/tr>\n<tr>\n<td width=\"192\">\n<p style=\"text-align: left\"><a href=\"http:\/\/www.accompagnementfga.ca\/mondecontemporain\/wp-content\/uploads\/sites\/29\/2017\/01\/Faible_2_1_corrige.pdf\" class=\"mtli_attachment mtli_pdf\">Mod\u00e8le de correction<\/a><\/p>\n<\/td>\n<td style=\"text-align: left\" width=\"192\"><a href=\"http:\/\/www.accompagnementfga.ca\/mondecontemporain\/wp-content\/uploads\/sites\/29\/2017\/01\/Moyen_2_1_corrige.pdf\" class=\"mtli_attachment mtli_pdf\">Mod\u00e8le de correction<\/a><\/td>\n<td width=\"192\">\n<p style=\"text-align: left\"><a href=\"http:\/\/www.accompagnementfga.ca\/mondecontemporain\/wp-content\/uploads\/sites\/29\/2017\/01\/Fort_2_1_corrige.pdf\" class=\"mtli_attachment mtli_pdf\">Mod\u00e8le de correction<\/a><\/p>\n<\/td>\n<\/tr>\n<tr>\n<td style=\"text-align: left\" width=\"192\">\n<p style=\"text-align: left\"><a href=\"http:\/\/www.accompagnementfga.ca\/mondecontemporain\/wp-content\/uploads\/sites\/29\/2017\/01\/Grille_Faible.pdf\" class=\"mtli_attachment mtli_pdf\">Grille d&rsquo;\u00e9valuation \u00e0 interpr\u00e9tation crit\u00e9rielle<\/a><\/p>\n<\/td>\n<td style=\"text-align: left\" width=\"192\"><a href=\"http:\/\/www.accompagnementfga.ca\/mondecontemporain\/wp-content\/uploads\/sites\/29\/2017\/01\/Grille_Moyen.pdf\" class=\"mtli_attachment mtli_pdf\">Grille d&rsquo;\u00e9valuation \u00e0 interpr\u00e9tation crit\u00e9rielle<\/a><\/td>\n<td width=\"192\">\n<p style=\"text-align: left\"><a href=\"http:\/\/www.accompagnementfga.ca\/mondecontemporain\/wp-content\/uploads\/sites\/29\/2017\/01\/Grille_Fort.pdf\" class=\"mtli_attachment mtli_pdf\">Grille d&rsquo;\u00e9valuation \u00e0 interpr\u00e9tation crit\u00e9rielle<\/a><\/p>\n<\/td>\n<\/tr>\n<\/tbody>\n<\/table>\n<p>&nbsp;<\/p>\n<h4>[vc_separator type=&rsquo;normal&rsquo; position=&rsquo;center&rsquo; color=&rsquo;#000000&prime; border_style=&rsquo;solid&rsquo; thickness=\u00a0\u00bb up=\u00a0\u00bb down=\u00a0\u00bb]<\/h4>\n<p>&nbsp;<\/p>\n<h4><span style=\"color: #000000\"><strong>English version<\/strong><\/span><\/h4>\n<p>&nbsp;<\/p>\n<h4>Accompanying documents<\/h4>\n<p>&nbsp;<\/p>\n<p><a href=\"http:\/\/www.accompagnementfga.ca\/mondecontemporain\/wp-content\/uploads\/sites\/29\/2017\/10\/FINAL_ANG_20170823_NC-5101-MC-form-03_Version-18-mars-2015-pr\u00e9sentation-AQIFGA.pptx\" class=\"mtli_attachment mtli_pptx\">Workshop presentation<\/a><\/p>\n<p><a href=\"http:\/\/www.accompagnementfga.ca\/mondecontemporain\/wp-content\/uploads\/sites\/29\/2017\/10\/FINAL_ANG_20170823_NC_5101_MC_form_03_18-mars-2015-activit\u00e9-2-question-rigueur-pouvoir.pdf\" class=\"mtli_attachment mtli_pdf\">Sample question for the evaluation of a rigorous reasoning process<\/a><\/p>\n<p><a href=\"http:\/\/www.accompagnementfga.ca\/mondecontemporain\/wp-content\/uploads\/sites\/29\/2017\/10\/FINAL_ANG_20170823_NC_5101_MC_form_03_18-mars-2015-Dossier_documentaire-sur-POUVOIR.pdf\" class=\"mtli_attachment mtli_pdf\">Document File &#8211; Power<\/a><\/p>\n<p><a href=\"http:\/\/www.accompagnementfga.ca\/mondecontemporain\/wp-content\/uploads\/sites\/29\/2017\/10\/FINAL_ANG_20170825_NC_5101_MC_form_03_18-mars-2015-Sch\u00e9ma.pdf\" class=\"mtli_attachment mtli_pdf\">Plan<\/a><\/p>\n<p><a href=\"http:\/\/www.accompagnementfga.ca\/mondecontemporain\/wp-content\/uploads\/sites\/29\/2017\/10\/FINAL_ANG_20170823_NC_5101_MC_form_03_grille-d\u2019\u00e9valuation-\u00e0-interpr\u00e9tation-crit\u00e9rielle.pdf\" class=\"mtli_attachment mtli_pdf\">Criterion referenced rubrics<\/a><\/p>\n<p><a href=\"http:\/\/www.accompagnementfga.ca\/mondecontemporain\/wp-content\/uploads\/sites\/29\/2017\/10\/FINAL_ANG_20170823_NC_5101_MC_form_03_liste-de-v\u00e9rification.pdf\" class=\"mtli_attachment mtli_pdf\">Checklist<\/a><\/p>\n<h4><\/h4>\n<p>&nbsp;<\/p>\n<h4>Copy adults<\/h4>\n<p>&nbsp;<\/p>\n<table style=\"height: 260px\" width=\"648\">\n<tbody>\n<tr>\n<td width=\"192\">\n<h4 style=\"text-align: left\">COPY\u00a01<\/h4>\n<\/td>\n<td style=\"text-align: center\" width=\"192\">\n<h4 style=\"text-align: left\">COPY\u00a02<\/h4>\n<\/td>\n<td style=\"text-align: left\" width=\"192\">\n<h4>COPY\u00a03<\/h4>\n<\/td>\n<\/tr>\n<tr>\n<td width=\"192\">\n<p style=\"text-align: left\"><a href=\"http:\/\/www.accompagnementfga.ca\/mondecontemporain\/wp-content\/uploads\/sites\/29\/2017\/10\/FINAL_ANG_20170825_NC_5101_MC_form_03_faible-dernier-choix_2_1.pdf\" class=\"mtli_attachment mtli_pdf\">Answer<\/a><\/p>\n<\/td>\n<td style=\"text-align: left\" width=\"192\"><a href=\"http:\/\/www.accompagnementfga.ca\/mondecontemporain\/wp-content\/uploads\/sites\/29\/2017\/10\/FINAL_ANG_20170825_NC_5101_MC_form_03_moyen2_1.pdf\" class=\"mtli_attachment mtli_pdf\">Answer<\/a><\/td>\n<td style=\"text-align: left\" width=\"192\">\n<p style=\"text-align: left\"><a href=\"http:\/\/www.accompagnementfga.ca\/mondecontemporain\/wp-content\/uploads\/sites\/29\/2017\/10\/FINAL_ANG_20170825_NC_5101_MC_form_03_fort_1.pdf\" class=\"mtli_attachment mtli_pdf\">Answer<\/a><\/p>\n<\/td>\n<\/tr>\n<tr>\n<td width=\"192\">\n<p style=\"text-align: left\"><a href=\"http:\/\/www.accompagnementfga.ca\/mondecontemporain\/wp-content\/uploads\/sites\/29\/2017\/10\/FINAL_ANG_20170825_NC_5101_MC_form_03_faible-dernier-choix_Corrige.pdf\" class=\"mtli_attachment mtli_pdf\">Correction model<\/a><\/p>\n<\/td>\n<td style=\"text-align: left\" width=\"192\"><a href=\"http:\/\/www.accompagnementfga.ca\/mondecontemporain\/wp-content\/uploads\/sites\/29\/2017\/10\/FINAL_ANG_20170825_NC_5101_MC_form_03_moyen2_Corrige.pdf\" class=\"mtli_attachment mtli_pdf\">Correction model<\/a><\/td>\n<td width=\"192\">\n<p style=\"text-align: left\"><a href=\"http:\/\/www.accompagnementfga.ca\/mondecontemporain\/wp-content\/uploads\/sites\/29\/2017\/10\/FINAL_ANG_20170825_NC_5101_MC_form_03_fort_Corrige.pdf\" class=\"mtli_attachment mtli_pdf\">Correction model<\/a><\/p>\n<\/td>\n<\/tr>\n<tr>\n<td style=\"text-align: left\" width=\"192\">\n<p style=\"text-align: left\"><a href=\"http:\/\/www.accompagnementfga.ca\/mondecontemporain\/wp-content\/uploads\/sites\/29\/2017\/10\/FINAL_ANG_20170823_NC_5101_MC_form_03_Grille_faible.pdf\" class=\"mtli_attachment mtli_pdf\">Evaluation grid to interpretation criterion<\/a><\/p>\n<\/td>\n<td style=\"text-align: left\" width=\"192\"><a href=\"http:\/\/www.accompagnementfga.ca\/mondecontemporain\/wp-content\/uploads\/sites\/29\/2017\/10\/FINAL_ANG_20170823_NC_5101_MC_form_03_Grille_moyen.pdf\" class=\"mtli_attachment mtli_pdf\">Evaluation grid to interpretation criterion<\/a><\/td>\n<td width=\"192\">\n<p style=\"text-align: left\"><a href=\"http:\/\/www.accompagnementfga.ca\/mondecontemporain\/wp-content\/uploads\/sites\/29\/2017\/10\/FINAL_ANG_20170823_NC_5101_MC_form_03_Grille_fort.pdf\" class=\"mtli_attachment mtli_pdf\">Evaluation grid to interpretation criterion<\/a><\/p>\n<\/td>\n<\/tr>\n<\/tbody>\n<\/table>\n<p>[\/vc_column_text][vc_separator type=\u00a0\u00bbtransparent\u00a0\u00bb border_style=\u00a0\u00bb\u00a0\u00bb thickness=\u00a0\u00bb1&Prime; up=\u00a0\u00bb7&Prime; down=\u00a0\u00bb0&Prime;][\/vc_column][vc_column width=\u00a0\u00bb1\/6&Prime;][\/vc_column][\/vc_row][vc_row row_type=\u00a0\u00bbrow\u00a0\u00bb use_row_as_full_screen_section=\u00a0\u00bbno\u00a0\u00bb type=\u00a0\u00bbfull_width\u00a0\u00bb text_align=\u00a0\u00bbleft\u00a0\u00bb background_color=\u00a0\u00bb#f5f5f5&Prime; css_animation=\u00a0\u00bb\u00a0\u00bb][vc_column][vc_separator type=\u00a0\u00bbtransparent\u00a0\u00bb border_style=\u00a0\u00bb\u00a0\u00bb thickness=\u00a0\u00bb1&Prime; up=\u00a0\u00bb7&Prime; down=\u00a0\u00bb0&Prime;][\/vc_column][\/vc_row]<\/p>\n<\/div>","protected":false},"excerpt":{"rendered":"<p>[vc_row row_type=\u00a0\u00bbrow\u00a0\u00bb use_row_as_full_screen_section=\u00a0\u00bbno\u00a0\u00bb type=\u00a0\u00bbgrid\u00a0\u00bb text_align=\u00a0\u00bbleft\u00a0\u00bb background_color=\u00a0\u00bb#ffffff\u00a0\u00bb padding_top=\u00a0\u00bb100&Prime; padding_bottom=\u00a0\u00bb50&Prime; css_animation=\u00a0\u00bb\u00a0\u00bb][vc_column width=\u00a0\u00bb1\/6&Prime;][vc_empty_space height=\u00a0\u00bb300px\u00a0\u00bb][vc_empty_space height=\u00a0\u00bb760px\u00a0\u00bb][\/vc_column][vc_column width=\u00a0\u00bb2\/3&Prime;][vc_column_text] Nouveau regard sur l&rsquo;\u00e9valuation des apprentissages en Monde contemporain [\/vc_column_text][vc_separator type=\u00a0\u00bbtransparent\u00a0\u00bb border_style=\u00a0\u00bb\u00a0\u00bb thickness=\u00a0\u00bb1&Prime; up=\u00a0\u00bb20&Prime; down=\u00a0\u00bb0&Prime;][vc_column_text] Nouveaux cours, nouvelles pratiques : nouveaux outils d\u2019\u00e9valuation. Cet atelier s\u2019adresse d\u2019abord aux enseignants qui d\u00e9sirent se&#8230;<\/p>\n","protected":false},"author":1,"featured_media":0,"parent":0,"menu_order":0,"comment_status":"closed","ping_status":"closed","template":"full_width.php","meta":{"footnotes":"","_links_to":"","_links_to_target":""},"_links":{"self":[{"href":"https:\/\/www.accompagnementfga.ca\/mondecontemporain\/wp-json\/wp\/v2\/pages\/22149"}],"collection":[{"href":"https:\/\/www.accompagnementfga.ca\/mondecontemporain\/wp-json\/wp\/v2\/pages"}],"about":[{"href":"https:\/\/www.accompagnementfga.ca\/mondecontemporain\/wp-json\/wp\/v2\/types\/page"}],"author":[{"embeddable":true,"href":"https:\/\/www.accompagnementfga.ca\/mondecontemporain\/wp-json\/wp\/v2\/users\/1"}],"replies":[{"embeddable":true,"href":"https:\/\/www.accompagnementfga.ca\/mondecontemporain\/wp-json\/wp\/v2\/comments?post=22149"}],"version-history":[{"count":160,"href":"https:\/\/www.accompagnementfga.ca\/mondecontemporain\/wp-json\/wp\/v2\/pages\/22149\/revisions"}],"predecessor-version":[{"id":23201,"href":"https:\/\/www.accompagnementfga.ca\/mondecontemporain\/wp-json\/wp\/v2\/pages\/22149\/revisions\/23201"}],"wp:attachment":[{"href":"https:\/\/www.accompagnementfga.ca\/mondecontemporain\/wp-json\/wp\/v2\/media?parent=22149"}],"curies":[{"name":"wp","href":"https:\/\/api.w.org\/{rel}","templated":true}]}}