{"id":22643,"date":"2017-01-10T21:27:25","date_gmt":"2017-01-10T20:27:25","guid":{"rendered":"http:\/\/www.accompagnementfga.ca\/isp\/foire-aux-questions-informations-generales-copy\/"},"modified":"2025-12-16T18:22:59","modified_gmt":"2025-12-16T17:22:59","slug":"foire-aux-questions","status":"publish","type":"page","link":"https:\/\/www.accompagnementfga.ca\/isp\/foire-aux-questions\/","title":{"rendered":"Foire aux questions"},"content":{"rendered":"<div class=\"wpb-content-wrapper\"><p>[vc_row css_animation=\u00a0\u00bb\u00a0\u00bb row_type=\u00a0\u00bbrow\u00a0\u00bb use_row_as_full_screen_section=\u00a0\u00bbno\u00a0\u00bb type=\u00a0\u00bbfull_width\u00a0\u00bb text_align=\u00a0\u00bbleft\u00a0\u00bb padding_bottom=\u00a0\u00bb22&Prime;][vc_column width=\u00a0\u00bb2\/3&Prime;][vc_row_inner row_type=\u00a0\u00bbrow\u00a0\u00bb type=\u00a0\u00bbfull_width\u00a0\u00bb use_row_as_full_screen_section_slide=\u00a0\u00bbno\u00a0\u00bb text_align=\u00a0\u00bbleft\u00a0\u00bb css_animation=\u00a0\u00bb\u00a0\u00bb][vc_column_inner][vc_column_text]Vous trouverez ici les r\u00e9ponses \u00e0 une panoplie de questions\u00a0\u00a0concernant le programme d\u2019\u00e9tudes <i>Int\u00e9gration socioprofessionnelle<\/i>\u00a0(ISP). Afin de vous y retrouver plus ais\u00e9ment, ces questions ont \u00e9t\u00e9 regroup\u00e9es en 8 rubriques\u00a0:[\/vc_column_text][vc_column_text]<\/p>\n<p style=\"padding-left: 30px;\"><strong><a href=\"https:\/\/www.accompagnementfga.ca\/isp\/foire-aux-questions-informations-generales\/\">Informations g\u00e9n\u00e9rales<\/a><\/strong><\/p>\n<p style=\"padding-left: 30px;\"><strong><a href=\"https:\/\/www.accompagnementfga.ca\/isp\/foire-aux-questions-cours\/\">Cours<\/a><\/strong><\/p>\n<p style=\"padding-left: 30px;\"><strong><a href=\"https:\/\/www.accompagnementfga.ca\/isp\/foire-aux-questions-metiers-semi-specialises-et-repertoire\/\">M\u00e9tiers semi-sp\u00e9cialis\u00e9s et r\u00e9pertoire<\/a><\/strong><\/p>\n<p style=\"padding-left: 30px;\"><strong><a href=\"https:\/\/www.accompagnementfga.ca\/isp\/foire-aux-questions-stages\/\">Stages<\/a><\/strong><\/p>\n<p style=\"padding-left: 30px;\"><strong><a href=\"https:\/\/www.accompagnementfga.ca\/isp\/foire-aux-questions-evaluation\/\">\u00c9valuation<\/a><\/strong><\/p>\n<p style=\"padding-left: 30px;\"><strong><a href=\"https:\/\/www.accompagnementfga.ca\/isp\/foire-aux-questions-certifications-cfms-cfisa\/\">Certifications (CFMS-CFISA)<\/a><\/strong><\/p>\n<p style=\"padding-left: 30px;\"><strong><a href=\"https:\/\/www.accompagnementfga.ca\/isp\/foire-aux-questions-passerelle-cfms-dep\/\">Passerelle CFMS-DEP<\/a><\/strong><\/p>\n<p style=\"padding-left: 30px;\"><strong><a href=\"https:\/\/www.accompagnementfga.ca\/isp\/faq-passerelle-provisoire-cfms-aep\/\">Passerelle provisoire CFMS-AEP<\/a><\/strong><\/p>\n<p style=\"padding-left: 30px;\"><strong><a href=\"https:\/\/www.accompagnementfga.ca\/isp\/faq-rac-fms\/\">RAC-FMS<\/a><\/strong><\/p>\n<p style=\"padding-left: 30px;\"><strong><a href=\"https:\/\/www.accompagnementfga.ca\/isp\/faq-financement-declaration-et-frequentation\/\">Financement, d\u00e9claration et fr\u00e9quentation<\/a><\/strong><\/p>\n<p>[\/vc_column_text][vc_column_text]Pour toute autre question, n\u2019h\u00e9sitez pas \u00e0 communiquer avec nous par courriel \u00e0 <a title=\"mailto:ISP@education.gouv.qc.ca\" href=\"mailto:ISP@education.gouv.qc.ca\" data-linkindex=\"0\" data-olk-copy-source=\"MessageBody\">ISP@education.gouv.qc.ca<\/a>.[\/vc_column_text][\/vc_column_inner][\/vc_row_inner][\/vc_column][vc_column width=\u00a0\u00bb1\/3&Prime;][vc_single_image image=\u00a0\u00bb22650&Prime; img_size=\u00a0\u00bbfull\u00a0\u00bb qode_css_animation=\u00a0\u00bb\u00a0\u00bb][\/vc_column][\/vc_row]<\/p>\n<\/div>","protected":false},"excerpt":{"rendered":"<p>[vc_row css_animation=\u00a0\u00bb\u00a0\u00bb row_type=\u00a0\u00bbrow\u00a0\u00bb use_row_as_full_screen_section=\u00a0\u00bbno\u00a0\u00bb type=\u00a0\u00bbfull_width\u00a0\u00bb text_align=\u00a0\u00bbleft\u00a0\u00bb padding_bottom=\u00a0\u00bb22&Prime;][vc_column width=\u00a0\u00bb2\/3&Prime;][vc_row_inner row_type=\u00a0\u00bbrow\u00a0\u00bb type=\u00a0\u00bbfull_width\u00a0\u00bb use_row_as_full_screen_section_slide=\u00a0\u00bbno\u00a0\u00bb text_align=\u00a0\u00bbleft\u00a0\u00bb css_animation=\u00a0\u00bb\u00a0\u00bb][vc_column_inner][vc_column_text]Vous trouverez ici les r\u00e9ponses \u00e0 une panoplie de questions\u00a0\u00a0concernant le programme d\u2019\u00e9tudes Int\u00e9gration socioprofessionnelle\u00a0(ISP). Afin de vous y retrouver plus ais\u00e9ment, ces questions ont \u00e9t\u00e9 regroup\u00e9es en 8 rubriques\u00a0:[\/vc_column_text][vc_column_text] Informations g\u00e9n\u00e9rales Cours&#8230;<\/p>\n","protected":false},"author":1,"featured_media":0,"parent":0,"menu_order":0,"comment_status":"closed","ping_status":"closed","template":"","meta":{"footnotes":"","_links_to":"","_links_to_target":""},"_links":{"self":[{"href":"https:\/\/www.accompagnementfga.ca\/isp\/wp-json\/wp\/v2\/pages\/22643"}],"collection":[{"href":"https:\/\/www.accompagnementfga.ca\/isp\/wp-json\/wp\/v2\/pages"}],"about":[{"href":"https:\/\/www.accompagnementfga.ca\/isp\/wp-json\/wp\/v2\/types\/page"}],"author":[{"embeddable":true,"href":"https:\/\/www.accompagnementfga.ca\/isp\/wp-json\/wp\/v2\/users\/1"}],"replies":[{"embeddable":true,"href":"https:\/\/www.accompagnementfga.ca\/isp\/wp-json\/wp\/v2\/comments?post=22643"}],"version-history":[{"count":28,"href":"https:\/\/www.accompagnementfga.ca\/isp\/wp-json\/wp\/v2\/pages\/22643\/revisions"}],"predecessor-version":[{"id":23298,"href":"https:\/\/www.accompagnementfga.ca\/isp\/wp-json\/wp\/v2\/pages\/22643\/revisions\/23298"}],"wp:attachment":[{"href":"https:\/\/www.accompagnementfga.ca\/isp\/wp-json\/wp\/v2\/media?parent=22643"}],"curies":[{"name":"wp","href":"https:\/\/api.w.org\/{rel}","templated":true}]}}

<div class="wpb-content-wrapper"><p>[vc_row css_animation= » » row_type= »row » use_row_as_full_screen_section= »no » type= »full_width » text_align= »left » padding_bottom= »22&Prime;][vc_column width= »2/3&Prime;][vc_row_inner row_type= »row » type= »full_width » use_row_as_full_screen_section_slide= »no » text_align= »left » css_animation= » »][vc_column_inner][vc_column_text]Vous trouverez ici les réponses à une panoplie de questions  concernant le programme d’études <i>Intégration socioprofessionnelle</i> (ISP). Afin de vous y retrouver plus aisément, ces questions ont été regroupées en 8 rubriques :[/vc_column_text][vc_column_text]</p>
<p style="padding-left: 30px;"><strong><a href="https://www.accompagnementfga.ca/isp/foire-aux-questions-informations-generales/">Informations générales</a></strong></p>
<p style="padding-left: 30px;"><strong><a href="https://www.accompagnementfga.ca/isp/foire-aux-questions-cours/">Cours</a></strong></p>
<p style="padding-left: 30px;"><strong><a href="https://www.accompagnementfga.ca/isp/foire-aux-questions-metiers-semi-specialises-et-repertoire/">Métiers semi-spécialisés et répertoire</a></strong></p>
<p style="padding-left: 30px;"><strong><a href="https://www.accompagnementfga.ca/isp/foire-aux-questions-stages/">Stages</a></strong></p>
<p style="padding-left: 30px;"><strong><a href="https://www.accompagnementfga.ca/isp/foire-aux-questions-evaluation/">Évaluation</a></strong></p>
<p style="padding-left: 30px;"><strong><a href="https://www.accompagnementfga.ca/isp/foire-aux-questions-certifications-cfms-cfisa/">Certifications (CFMS-CFISA)</a></strong></p>
<p style="padding-left: 30px;"><strong><a href="https://www.accompagnementfga.ca/isp/foire-aux-questions-passerelle-cfms-dep/">Passerelle CFMS-DEP</a></strong></p>
<p style="padding-left: 30px;"><strong><a href="https://www.accompagnementfga.ca/isp/faq-passerelle-provisoire-cfms-aep/">Passerelle provisoire CFMS-AEP</a></strong></p>
<p style="padding-left: 30px;"><strong><a href="https://www.accompagnementfga.ca/isp/faq-rac-fms/">RAC-FMS</a></strong></p>
<p style="padding-left: 30px;"><strong><a href="https://www.accompagnementfga.ca/isp/faq-financement-declaration-et-frequentation/">Financement, déclaration et fréquentation</a></strong></p>
<p>[/vc_column_text][vc_column_text]Pour toute autre question, n’hésitez pas à communiquer avec nous par courriel à <a title="mailto:ISP@education.gouv.qc.ca" href="mailto:ISP@education.gouv.qc.ca" data-linkindex="0" data-olk-copy-source="MessageBody">ISP@education.gouv.qc.ca</a>.[/vc_column_text][/vc_column_inner][/vc_row_inner][/vc_column][vc_column width= »1/3&Prime;][vc_single_image image= »22650&Prime; img_size= »full » qode_css_animation= » »][/vc_column][/vc_row]</p>
</div>

<p>[vc_row css_animation= » » row_type= »row » use_row_as_full_screen_section= »no » type= »full_width » text_align= »left » padding_bottom= »22&Prime;][vc_column width= »2/3&Prime;][vc_row_inner row_type= »row » type= »full_width » use_row_as_full_screen_section_slide= »no » text_align= »left » css_animation= » »][vc_column_inner][vc_column_text]Vous trouverez ici les réponses à une panoplie de questions  concernant le programme d’études Intégration socioprofessionnelle (ISP). Afin de vous y retrouver plus aisément, ces questions ont été regroupées en 8 rubriques :[/vc_column_text][vc_column_text] Informations générales Cours&#8230;</p>
