{"id":22626,"date":"2017-01-10T20:20:08","date_gmt":"2017-01-10T19:20:08","guid":{"rendered":"http:\/\/www.accompagnementfga.ca\/isp\/foire-aux-questions-informations-generales-copy\/"},"modified":"2025-10-09T18:12:59","modified_gmt":"2025-10-09T17:12:59","slug":"foire-aux-questions-evaluation","status":"publish","type":"page","link":"https:\/\/www.accompagnementfga.ca\/isp\/foire-aux-questions-evaluation\/","title":{"rendered":"FAQ &#8211; \u00c9valuation"},"content":{"rendered":"<div class=\"wpb-content-wrapper\"><p>[vc_row css_animation=\u00a0\u00bb\u00a0\u00bb row_type=\u00a0\u00bbrow\u00a0\u00bb use_row_as_full_screen_section=\u00a0\u00bbno\u00a0\u00bb type=\u00a0\u00bbfull_width\u00a0\u00bb text_align=\u00a0\u00bbleft\u00a0\u00bb padding_bottom=\u00a0\u00bb22&Prime;][vc_column][vc_column_text]<\/p>\n<h3><strong>\u00c9valuation<\/strong><\/h3>\n<p>[\/vc_column_text][\/vc_column][\/vc_row][vc_row css_animation=\u00a0\u00bb\u00a0\u00bb row_type=\u00a0\u00bbrow\u00a0\u00bb use_row_as_full_screen_section=\u00a0\u00bbno\u00a0\u00bb type=\u00a0\u00bbfull_width\u00a0\u00bb text_align=\u00a0\u00bbleft\u00a0\u00bb padding_bottom=\u00a0\u00bb60&Prime;][vc_column width=\u00a0\u00bb1\/2&Prime;][vc_accordion active_tab=\u00a0\u00bbfalse\u00a0\u00bb style=\u00a0\u00bbtoggle\u00a0\u00bb][vc_accordion_tab title=\u00a0\u00bbLes crit\u00e8res de performance doivent-ils toujours \u00eatre pr\u00e9sents pour \u00e9valuer les comp\u00e9tences des m\u00e9tiers semi-sp\u00e9cialis\u00e9s?\u00a0\u00bb][vc_column_text]Les crit\u00e8res de performance sont li\u00e9s \u00e0 l\u2019ensemble de la comp\u00e9tence et correspondent entre autres \u00e0 des indices tels que la qualit\u00e9 du produit ou du service, les codes, normes ou r\u00e8gles \u00e0 respecter et les attitudes \u00e0 manifester. Il faut en tenir compte dans l\u2019\u00e9valuation des t\u00e2ches inh\u00e9rentes aux comp\u00e9tences sp\u00e9cifiques. Par exemple, la premi\u00e8re comp\u00e9tence sp\u00e9cifique du m\u00e9tier semi-sp\u00e9cialis\u00e9 \u00ab Pr\u00e9pos\u00e9e, pr\u00e9pos\u00e9 au d\u00e9veloppement de photos \u00bb est \u00ab R\u00e9pondre \u00e0 la client\u00e8le \u00e0 un comptoir de photos \u00bb. Pour ce faire, l\u2019adulte doit notamment accueillir la cliente ou le client (t\u00e2che), et ce, dans le respect des directives de travail, par un service courtois et efficace et par une information transmise pertinente, exacte et claire (crit\u00e8res de performance).[\/vc_column_text][\/vc_accordion_tab][vc_accordion_tab title=\u00a0\u00bbComment se fait l\u2019\u00e9valuation des connaissances?\u00a0\u00bb][vc_column_text]Il est important de rappeler que l\u2019\u00e9valuation en sanction porte sur la comp\u00e9tence de l\u2019adulte \u00e0 traiter les situations propres au cours. Cette comp\u00e9tence est op\u00e9rationnalis\u00e9e en crit\u00e8res d\u2019\u00e9valuation. Et pour manifester sa comp\u00e9tence, l\u2019adulte mobilisera des ressources, c\u2019est-\u00e0-dire qu\u2019il utilisera des connaissances (appel\u00e9es aussi savoirs).<\/p>\n<p>Dans l\u2019approche par comp\u00e9tences, qui caract\u00e9rise les cours du programme d\u2019\u00e9tudes ISP, l\u2019\u00e9valuation ne porte pas directement sur les connaissances, mais plut\u00f4t sur ce que l\u2019adulte est capable de faire avec elles. C\u2019est pourquoi l\u2019\u00e9preuve doit toucher un certain nombre de savoirs<a href=\"#_ftn1\" name=\"_ftnref1\">[1]<\/a>, mais permettre \u00e0 l\u2019enseignante ou l\u2019enseignant de porter un jugement sur les crit\u00e8res d\u2019\u00e9valuation.<\/p>\n<p><a href=\"#_ftnref1\" name=\"_ftn1\">[1]<\/a> Tel que le prescrit la section Les savoirs de la DDE.[\/vc_column_text][\/vc_accordion_tab][vc_accordion_tab title=\u00a0\u00bbEst-il possible d\u2019utiliser d\u2019autres \u00e9preuves que les prototypes fournis par le Minist\u00e8re pour \u00e9valuer en sanction les cours du programme d\u2019\u00e9tudes ISP? Est-il possible de modifier les prototypes du Minist\u00e8re?\u00a0\u00bb][vc_column_text]Oui, ces prototypes ne sont que des exemples. Il est donc possible d\u2019utiliser une partie et pas l\u2019autre (dans le cas o\u00f9 l\u2019\u00e9preuve du Minist\u00e8re comporte plus d\u2019une partie) ou modifier certains \u00e9l\u00e9ments \u00e0 l\u2019int\u00e9rieur d\u2019une partie. Il est possible d\u2019en changer la forme<a href=\"#_ftn1\" name=\"_ftnref1\"><sup>[1]<\/sup><\/a>, par exemple passer l\u2019\u00e9preuve \u00e0 l\u2019oral plut\u00f4t qu\u2019\u00e0 l\u2019\u00e9crit. \u00c9videmment, il est aussi possible de cr\u00e9er une \u00e9preuve enti\u00e8rement nouvelle.<\/p>\n<p>L\u2019important \u00e0 retenir est que l\u2019\u00e9preuve utilis\u00e9e doit respecter tous les \u00e9l\u00e9ments de la D\u00e9finition du domaine d\u2019\u00e9valuation (DDE) du cours.<\/p>\n<p><a href=\"#_ftnref1\" name=\"_ftn1\">[1]<\/a> Voir les formes possibles dans la section La composition de l\u2019\u00e9preuve de la DD\u00c9.[\/vc_column_text][\/vc_accordion_tab][vc_accordion_tab title=\u00a0\u00bbPoser une question?\u00a0\u00bb][vc_column_text]<strong>Nous joindre par courriel<\/strong><\/p>\n<p><strong><a title=\"mailto:ISP@education.gouv.qc.ca\" href=\"mailto:ISP@education.gouv.qc.ca\" data-linkindex=\"0\" data-olk-copy-source=\"MessageBody\">ISP@education.gouv.qc.ca<\/a><\/strong>[\/vc_column_text][\/vc_accordion_tab][\/vc_accordion][vc_separator type=\u00a0\u00bbtransparent\u00a0\u00bb border_style=\u00a0\u00bb\u00a0\u00bb][vc_separator type=\u00a0\u00bbtransparent\u00a0\u00bb border_style=\u00a0\u00bb\u00a0\u00bb][vc_separator type=\u00a0\u00bbtransparent\u00a0\u00bb border_style=\u00a0\u00bb\u00a0\u00bb][vc_separator type=\u00a0\u00bbtransparent\u00a0\u00bb border_style=\u00a0\u00bb\u00a0\u00bb][\/vc_column][vc_column width=\u00a0\u00bb1\/2&Prime;][vc_accordion active_tab=\u00a0\u00bbfalse\u00a0\u00bb style=\u00a0\u00bbtoggle\u00a0\u00bb][vc_accordion_tab title=\u00a0\u00bbO\u00f9 peut-on trouver les D\u00e9finitions du domaine d\u2019\u00e9valuation (DDE) pour chacun des cours?\u00a0\u00bb][vc_column_text]<\/p>\n<div>\n<p>Les DDE sont disponibles sur le site Web du Minist\u00e8re\u00a0:<\/p>\n<p><a href=\"https:\/\/www.quebec.ca\/education\/formation-professionnelle-education-adultes\/formation-generale-adultes\/programmes-formation-generale-adultes\/integration-socioprofessionnelle\" target=\"_blank\" rel=\"noopener\">https:\/\/www.quebec.ca\/education\/formation-professionnelle-education-adultes\/formation-generale-adultes\/programmes-formation-generale-adultes\/integration-socioprofessionnelle<\/a><\/p>\n<\/div>\n<p>[\/vc_column_text][\/vc_accordion_tab][vc_accordion_tab title=\u00a0\u00bbQue signifie \u00ab L\u2019enseignante ou l\u2019enseignant doit reconna\u00eetre comme authentiques la ou les productions de l\u2019adulte \u00bb. Cet \u00e9nonc\u00e9 se trouve dans la DDE, \u00e0 la section La composition de l\u2019\u00e9preuve.\u00a0\u00bb][vc_column_text]<\/p>\n<div>\n<p>Cela signifie que l\u2019enseignante ou l\u2019enseignant doit prendre les moyens pour s\u2019assurer que l\u2019auteur des r\u00e9ponses \u00e0 l\u2019\u00e9preuve est bien l\u2019adulte.<\/p>\n<p>Dans le cas d\u2019un examen \u00e9crit, pass\u00e9 en salle d\u2019examen devant un surveillant, cela est \u00e9vident. Mais lorsqu\u2019il est demand\u00e9 \u00e0 l\u2019adulte, par exemple, de tenir un journal de bord ou de r\u00e9aliser un travail en classe sur une longue p\u00e9riode, cela peut \u00eatre plus difficile. Il revient en fait \u00e0 l\u2019enseignante ou \u00e0 l\u2019enseignant de d\u00e9terminer la fa\u00e7on de faire qui lui permettra d\u2019attester que la production pr\u00e9sent\u00e9e par l\u2019adulte est bien de son cru.<\/p>\n<\/div>\n<p>[\/vc_column_text][\/vc_accordion_tab][vc_accordion_tab title=\u00a0\u00bbD\u2019autres personnes que l\u2019enseignante ou l\u2019enseignant peuvent-elles contribuer au processus d\u2019\u00e9valuation en sanction?\u00a0\u00bb][vc_column_text]<\/p>\n<div>\n<p>L\u2019enseignante ou l\u2019enseignant d\u2019un cours est responsable de l\u2019ensemble du processus d\u2019\u00e9valuation en sanction pour ce cours. \u00c0 ce titre, c\u2019est elle ou lui qui remplit la <em>Grille d\u2019\u00e9valuation \u00e0 interpr\u00e9tation crit\u00e9rielle<\/em> en portant un jugement sur chacun des crit\u00e8res d\u2019\u00e9valuation du cours.<\/p>\n<p>Toutefois, l\u2019enseignante ou l\u2019enseignant peut demander \u00e0 toute personne, qu\u2019elle ou il juge apte pour ce faire, de recueillir des informations qui l\u2019aideront \u00e0 porter son jugement. Par exemple, il peut s\u2019agir d\u2019un employeur ou d\u2019un superviseur de stage qui remplirait une liste de v\u00e9rification ou un autre outil de cueillette d\u2019information.<\/p>\n<p><a href=\"#_ftnref1\" name=\"_ftn1\">[1]<\/a> Tel que le prescrit la section Les savoirs de la DDE.<\/p>\n<\/div>\n<p>[\/vc_column_text][\/vc_accordion_tab][vc_accordion_tab title=\u00a0\u00bbUn crit\u00e8re \u00e9valu\u00e9 \u00ab Excellent \u00bb ou \u00ab Tr\u00e8s bien \u00bb peut-il compenser pour un autre crit\u00e8re non r\u00e9ussi, soit \u00ab Faible \u00bb ou \u00ab Tr\u00e8s faible \u00bb?\u00a0\u00bb][vc_column_text]<\/p>\n<div>\n<p>Non, pour r\u00e9ussir le cours, l\u2019adulte doit r\u00e9ussir tous les crit\u00e8res d\u2019\u00e9valuation<a href=\"#_ftn1\" name=\"_ftnref1\">[1]<\/a>. Le seuil de r\u00e9ussite pour un cours correspond \u00e0 l&rsquo;\u00e9chelon \u00ab\u00a0Bien\u00a0\u00bb (soit l\u2019\u00e9chelon du milieu parmi les cinq \u00e9chelons obligatoires) pour chacun des crit\u00e8res du cours.<\/p>\n<p>Par ailleurs, si un adulte \u00e9choue un crit\u00e8re et que l\u2019enseignante ou l\u2019enseignant estime qu\u2019il a la comp\u00e9tence pour le r\u00e9ussir, elle ou il peut \u00e9laborer une \u00e9preuve qui portera uniquement sur ce crit\u00e8re.<\/p>\n<p><a href=\"#_ftnref1\" name=\"_ftn1\">[1]<\/a> Tel que mentionn\u00e9 dans la section Le seuil de r\u00e9ussite de la DDE.<\/p>\n<\/div>\n<p>[\/vc_column_text][\/vc_accordion_tab][\/vc_accordion][\/vc_column][\/vc_row]<\/p>\n<\/div>","protected":false},"excerpt":{"rendered":"<p>[vc_row css_animation=\u00a0\u00bb\u00a0\u00bb row_type=\u00a0\u00bbrow\u00a0\u00bb use_row_as_full_screen_section=\u00a0\u00bbno\u00a0\u00bb type=\u00a0\u00bbfull_width\u00a0\u00bb text_align=\u00a0\u00bbleft\u00a0\u00bb padding_bottom=\u00a0\u00bb22&Prime;][vc_column][vc_column_text] \u00c9valuation [\/vc_column_text][\/vc_column][\/vc_row][vc_row css_animation=\u00a0\u00bb\u00a0\u00bb row_type=\u00a0\u00bbrow\u00a0\u00bb use_row_as_full_screen_section=\u00a0\u00bbno\u00a0\u00bb type=\u00a0\u00bbfull_width\u00a0\u00bb text_align=\u00a0\u00bbleft\u00a0\u00bb padding_bottom=\u00a0\u00bb60&Prime;][vc_column width=\u00a0\u00bb1\/2&Prime;][vc_accordion active_tab=\u00a0\u00bbfalse\u00a0\u00bb style=\u00a0\u00bbtoggle\u00a0\u00bb][vc_accordion_tab title=\u00a0\u00bbLes crit\u00e8res de performance doivent-ils toujours \u00eatre pr\u00e9sents pour \u00e9valuer les comp\u00e9tences des m\u00e9tiers semi-sp\u00e9cialis\u00e9s?\u00a0\u00bb][vc_column_text]Les crit\u00e8res de performance sont li\u00e9s \u00e0 l\u2019ensemble de la comp\u00e9tence et correspondent&#8230;<\/p>\n","protected":false},"author":1,"featured_media":0,"parent":0,"menu_order":0,"comment_status":"closed","ping_status":"closed","template":"","meta":{"footnotes":"","_links_to":"","_links_to_target":""},"_links":{"self":[{"href":"https:\/\/www.accompagnementfga.ca\/isp\/wp-json\/wp\/v2\/pages\/22626"}],"collection":[{"href":"https:\/\/www.accompagnementfga.ca\/isp\/wp-json\/wp\/v2\/pages"}],"about":[{"href":"https:\/\/www.accompagnementfga.ca\/isp\/wp-json\/wp\/v2\/types\/page"}],"author":[{"embeddable":true,"href":"https:\/\/www.accompagnementfga.ca\/isp\/wp-json\/wp\/v2\/users\/1"}],"replies":[{"embeddable":true,"href":"https:\/\/www.accompagnementfga.ca\/isp\/wp-json\/wp\/v2\/comments?post=22626"}],"version-history":[{"count":16,"href":"https:\/\/www.accompagnementfga.ca\/isp\/wp-json\/wp\/v2\/pages\/22626\/revisions"}],"predecessor-version":[{"id":23281,"href":"https:\/\/www.accompagnementfga.ca\/isp\/wp-json\/wp\/v2\/pages\/22626\/revisions\/23281"}],"wp:attachment":[{"href":"https:\/\/www.accompagnementfga.ca\/isp\/wp-json\/wp\/v2\/media?parent=22626"}],"curies":[{"name":"wp","href":"https:\/\/api.w.org\/{rel}","templated":true}]}}

FAQ &#8211; Évaluation

<div class="wpb-content-wrapper"><p>[vc_row css_animation= » » row_type= »row » use_row_as_full_screen_section= »no » type= »full_width » text_align= »left » padding_bottom= »22&Prime;][vc_column][vc_column_text]</p>
<h3><strong>Évaluation</strong></h3>
<p>[/vc_column_text][/vc_column][/vc_row][vc_row css_animation= » » row_type= »row » use_row_as_full_screen_section= »no » type= »full_width » text_align= »left » padding_bottom= »60&Prime;][vc_column width= »1/2&Prime;][vc_accordion active_tab= »false » style= »toggle »][vc_accordion_tab title= »Les critères de performance doivent-ils toujours être présents pour évaluer les compétences des métiers semi-spécialisés? »][vc_column_text]Les critères de performance sont liés à l’ensemble de la compétence et correspondent entre autres à des indices tels que la qualité du produit ou du service, les codes, normes ou règles à respecter et les attitudes à manifester. Il faut en tenir compte dans l’évaluation des tâches inhérentes aux compétences spécifiques. Par exemple, la première compétence spécifique du métier semi-spécialisé « Préposée, préposé au développement de photos » est « Répondre à la clientèle à un comptoir de photos ». Pour ce faire, l’adulte doit notamment accueillir la cliente ou le client (tâche), et ce, dans le respect des directives de travail, par un service courtois et efficace et par une information transmise pertinente, exacte et claire (critères de performance).[/vc_column_text][/vc_accordion_tab][vc_accordion_tab title= »Comment se fait l’évaluation des connaissances? »][vc_column_text]Il est important de rappeler que l’évaluation en sanction porte sur la compétence de l’adulte à traiter les situations propres au cours. Cette compétence est opérationnalisée en critères d’évaluation. Et pour manifester sa compétence, l’adulte mobilisera des ressources, c’est-à-dire qu’il utilisera des connaissances (appelées aussi savoirs).</p>
<p>Dans l’approche par compétences, qui caractérise les cours du programme d’études ISP, l’évaluation ne porte pas directement sur les connaissances, mais plutôt sur ce que l’adulte est capable de faire avec elles. C’est pourquoi l’épreuve doit toucher un certain nombre de savoirs<a href="#_ftn1" name="_ftnref1">[1]</a>, mais permettre à l’enseignante ou l’enseignant de porter un jugement sur les critères d’évaluation.</p>
<p><a href="#_ftnref1" name="_ftn1">[1]</a> Tel que le prescrit la section Les savoirs de la DDE.[/vc_column_text][/vc_accordion_tab][vc_accordion_tab title= »Est-il possible d’utiliser d’autres épreuves que les prototypes fournis par le Ministère pour évaluer en sanction les cours du programme d’études ISP? Est-il possible de modifier les prototypes du Ministère? »][vc_column_text]Oui, ces prototypes ne sont que des exemples. Il est donc possible d’utiliser une partie et pas l’autre (dans le cas où l’épreuve du Ministère comporte plus d’une partie) ou modifier certains éléments à l’intérieur d’une partie. Il est possible d’en changer la forme<a href="#_ftn1" name="_ftnref1"><sup>[1]</sup></a>, par exemple passer l’épreuve à l’oral plutôt qu’à l’écrit. Évidemment, il est aussi possible de créer une épreuve entièrement nouvelle.</p>
<p>L’important à retenir est que l’épreuve utilisée doit respecter tous les éléments de la Définition du domaine d’évaluation (DDE) du cours.</p>
<p><a href="#_ftnref1" name="_ftn1">[1]</a> Voir les formes possibles dans la section La composition de l’épreuve de la DDÉ.[/vc_column_text][/vc_accordion_tab][vc_accordion_tab title= »Poser une question? »][vc_column_text]<strong>Nous joindre par courriel</strong></p>
<p><strong><a title="mailto:ISP@education.gouv.qc.ca" href="mailto:ISP@education.gouv.qc.ca" data-linkindex="0" data-olk-copy-source="MessageBody">ISP@education.gouv.qc.ca</a></strong>[/vc_column_text][/vc_accordion_tab][/vc_accordion][vc_separator type= »transparent » border_style= » »][vc_separator type= »transparent » border_style= » »][vc_separator type= »transparent » border_style= » »][vc_separator type= »transparent » border_style= » »][/vc_column][vc_column width= »1/2&Prime;][vc_accordion active_tab= »false » style= »toggle »][vc_accordion_tab title= »Où peut-on trouver les Définitions du domaine d’évaluation (DDE) pour chacun des cours? »][vc_column_text]</p>
<div>
<p>Les DDE sont disponibles sur le site Web du Ministère :</p>
<p><a href="https://www.quebec.ca/education/formation-professionnelle-education-adultes/formation-generale-adultes/programmes-formation-generale-adultes/integration-socioprofessionnelle" target="_blank" rel="noopener">https://www.quebec.ca/education/formation-professionnelle-education-adultes/formation-generale-adultes/programmes-formation-generale-adultes/integration-socioprofessionnelle</a></p>
</div>
<p>[/vc_column_text][/vc_accordion_tab][vc_accordion_tab title= »Que signifie « L’enseignante ou l’enseignant doit reconnaître comme authentiques la ou les productions de l’adulte ». Cet énoncé se trouve dans la DDE, à la section La composition de l’épreuve. »][vc_column_text]</p>
<div>
<p>Cela signifie que l’enseignante ou l’enseignant doit prendre les moyens pour s’assurer que l’auteur des réponses à l’épreuve est bien l’adulte.</p>
<p>Dans le cas d’un examen écrit, passé en salle d’examen devant un surveillant, cela est évident. Mais lorsqu’il est demandé à l’adulte, par exemple, de tenir un journal de bord ou de réaliser un travail en classe sur une longue période, cela peut être plus difficile. Il revient en fait à l’enseignante ou à l’enseignant de déterminer la façon de faire qui lui permettra d’attester que la production présentée par l’adulte est bien de son cru.</p>
</div>
<p>[/vc_column_text][/vc_accordion_tab][vc_accordion_tab title= »D’autres personnes que l’enseignante ou l’enseignant peuvent-elles contribuer au processus d’évaluation en sanction? »][vc_column_text]</p>
<div>
<p>L’enseignante ou l’enseignant d’un cours est responsable de l’ensemble du processus d’évaluation en sanction pour ce cours. À ce titre, c’est elle ou lui qui remplit la <em>Grille d’évaluation à interprétation critérielle</em> en portant un jugement sur chacun des critères d’évaluation du cours.</p>
<p>Toutefois, l’enseignante ou l’enseignant peut demander à toute personne, qu’elle ou il juge apte pour ce faire, de recueillir des informations qui l’aideront à porter son jugement. Par exemple, il peut s’agir d’un employeur ou d’un superviseur de stage qui remplirait une liste de vérification ou un autre outil de cueillette d’information.</p>
<p><a href="#_ftnref1" name="_ftn1">[1]</a> Tel que le prescrit la section Les savoirs de la DDE.</p>
</div>
<p>[/vc_column_text][/vc_accordion_tab][vc_accordion_tab title= »Un critère évalué « Excellent » ou « Très bien » peut-il compenser pour un autre critère non réussi, soit « Faible » ou « Très faible »? »][vc_column_text]</p>
<div>
<p>Non, pour réussir le cours, l’adulte doit réussir tous les critères d’évaluation<a href="#_ftn1" name="_ftnref1">[1]</a>. Le seuil de réussite pour un cours correspond à l&rsquo;échelon « Bien » (soit l’échelon du milieu parmi les cinq échelons obligatoires) pour chacun des critères du cours.</p>
<p>Par ailleurs, si un adulte échoue un critère et que l’enseignante ou l’enseignant estime qu’il a la compétence pour le réussir, elle ou il peut élaborer une épreuve qui portera uniquement sur ce critère.</p>
<p><a href="#_ftnref1" name="_ftn1">[1]</a> Tel que mentionné dans la section Le seuil de réussite de la DDE.</p>
</div>
<p>[/vc_column_text][/vc_accordion_tab][/vc_accordion][/vc_column][/vc_row]</p>
</div>

<p>[vc_row css_animation= » » row_type= »row » use_row_as_full_screen_section= »no » type= »full_width » text_align= »left » padding_bottom= »22&Prime;][vc_column][vc_column_text] Évaluation [/vc_column_text][/vc_column][/vc_row][vc_row css_animation= » » row_type= »row » use_row_as_full_screen_section= »no » type= »full_width » text_align= »left » padding_bottom= »60&Prime;][vc_column width= »1/2&Prime;][vc_accordion active_tab= »false » style= »toggle »][vc_accordion_tab title= »Les critères de performance doivent-ils toujours être présents pour évaluer les compétences des métiers semi-spécialisés? »][vc_column_text]Les critères de performance sont liés à l’ensemble de la compétence et correspondent&#8230;</p>
