{"id":22088,"date":"2015-12-08T17:17:22","date_gmt":"2015-12-08T16:17:22","guid":{"rendered":"http:\/\/www.accompagnementfga.ca\/isp\/?page_id=22088"},"modified":"2025-10-09T18:11:40","modified_gmt":"2025-10-09T17:11:40","slug":"foire-aux-questions-informations-generales","status":"publish","type":"page","link":"https:\/\/www.accompagnementfga.ca\/isp\/foire-aux-questions-informations-generales\/","title":{"rendered":"FAQ &#8211; Informations g\u00e9n\u00e9rales"},"content":{"rendered":"<div class=\"wpb-content-wrapper\"><p>[vc_row css_animation=\u00a0\u00bb\u00a0\u00bb row_type=\u00a0\u00bbrow\u00a0\u00bb use_row_as_full_screen_section=\u00a0\u00bbno\u00a0\u00bb type=\u00a0\u00bbfull_width\u00a0\u00bb text_align=\u00a0\u00bbleft\u00a0\u00bb padding_bottom=\u00a0\u00bb22&Prime;][vc_column][vc_column_text]<\/p>\n<h3>Informations g\u00e9n\u00e9rales<\/h3>\n<p>[\/vc_column_text][\/vc_column][\/vc_row][vc_row css_animation=\u00a0\u00bb\u00a0\u00bb row_type=\u00a0\u00bbrow\u00a0\u00bb use_row_as_full_screen_section=\u00a0\u00bbno\u00a0\u00bb type=\u00a0\u00bbfull_width\u00a0\u00bb text_align=\u00a0\u00bbleft\u00a0\u00bb padding_bottom=\u00a0\u00bb60&Prime;][vc_column width=\u00a0\u00bb1\/2&Prime;][vc_accordion active_tab=\u00a0\u00bbfalse\u00a0\u00bb style=\u00a0\u00bbtoggle\u00a0\u00bb][vc_accordion_tab title=\u00a0\u00bbO\u00f9 peut-on trouver le programme d\u2019\u00e9tudes ISP?\u00a0\u00bb][vc_column_text]Le programme d\u2019\u00e9tudes ISP est disponible via le site Web du Minist\u00e8re de l\u2019\u00c9ducation (MEQ).<\/p>\n<p>Version fran\u00e7aise\u00a0:<br \/>\n<a href=\"https:\/\/cdn-contenu.quebec.ca\/cdn-contenu\/education\/formation-generale-adultes\/programmes\/FGA-programme-integration-socioprofessionnelle.pdf\" class=\"mtli_attachment mtli_pdf\" target=\"_blank\" rel=\"noopener\">https:\/\/cdn-contenu.quebec.ca\/cdn-contenu\/education\/formation-generale-adultes\/programmes\/FGA-programme-integration-socioprofessionnelle.pdf\u00a0<\/a><\/p>\n<p>Version anglaise\u00a0:<br \/>\n<a href=\"https:\/\/cdn-contenu.quebec.ca\/cdn-contenu\/education\/formation-generale-adultes\/programmes\/AGE-program-sociovocational-integration.pdf\" class=\"mtli_attachment mtli_pdf\" target=\"_blank\" rel=\"noopener\">https:\/\/cdn-contenu.quebec.ca\/cdn-contenu\/education\/formation-generale-adultes\/programmes\/AGE-program-sociovocational-integration.pdf<\/a>[\/vc_column_text][\/vc_accordion_tab][vc_accordion_tab title=\u00a0\u00bbDans quels modes de fr\u00e9quentation peut-on d\u00e9clarer des adultes inscrits en ISP?\u00a0\u00bb][vc_separator type=\u00a0\u00bbtransparent\u00a0\u00bb border_style=\u00a0\u00bb\u00a0\u00bb][vc_column_text]Dans le mode \u00ab\u00a0fr\u00e9quentation\u00a0\u00bb uniquement.[\/vc_column_text][\/vc_accordion_tab][vc_accordion_tab title=\u00a0\u00bbEst-ce possible pour un \u00e9l\u00e8ve inscrit en formation professionnelle de suivre un cours du programme d\u2019\u00e9tudes ISP (ex. : Conciliation travail \u2013 vie priv\u00e9e)?\u00a0\u00bb][vc_separator type=\u00a0\u00bbtransparent\u00a0\u00bb border_style=\u00a0\u00bb\u00a0\u00bb][vc_column_text]<\/p>\n<p style=\"text-align: justify;\">Oui, tout comme un \u00e9l\u00e8ve peut \u00eatre inscrit simultan\u00e9ment dans un DEP et dans le service Pr\u00e9paration \u00e0 la formation professionnelle.<\/p>\n<p>[\/vc_column_text][\/vc_accordion_tab][vc_accordion_tab title=\u00a0\u00bbEst-ce possible de reconna\u00eetre des heures ou des sigles faits au secteur des jeunes pour la formation pratique de la certification CFMS offerte dans le programme ISP de la FGA?\u00a0\u00bb][vc_separator type=\u00a0\u00bbtransparent\u00a0\u00bb border_style=\u00a0\u00bb\u00a0\u00bb][vc_column_text]<\/p>\n<p class=\"x_MsoNormal\" data-olk-copy-source=\"MessageBody\">Non, ce n\u2019est pas possible, car au sujet de la formation pratique, la dur\u00e9e minimale de 450 heures est prescrite et se r\u00e9partit comme suit :<\/p>\n<p class=\"x_MsoNormal\">\u2022 Les 75 heures de formation associ\u00e9es \u00e0 la pr\u00e9paration au march\u00e9 du travail correspondent \u00e0 l\u2019un ou l\u2019autre des cours du programme d\u2019\u00e9tudes Int\u00e9gration socioprofessionnelle qui touche les dimensions Choix professionnel, Int\u00e9gration et maintien en emploi et Recherche d\u2019emploi.<\/p>\n<p class=\"x_MsoNormal\">\u2022 Les cours Actualisation de son projet scolaire et professionnel (PER-2141-2) et Culture du monde du travail (PER-2121-1) peuvent \u00e9galement \u00eatre utilis\u00e9s;<\/p>\n<p class=\"x_MsoNormal\">\u2022 Les 375 heures de formation associ\u00e9es \u00e0 la pr\u00e9paration \u00e0 l\u2019exercice d\u2019un m\u00e9tier semi-sp\u00e9cialis\u00e9 correspondent aux trois codes de cours Formation \u00e0 un m\u00e9tier semi-sp\u00e9cialis\u00e9 I (<u>ISP-3023-5, ISP 3024-5 et ISP 3025-5)<\/u>\u00a0ou aux trois codes de cours Formation \u00e0 un m\u00e9tier semi-sp\u00e9cialis\u00e9 II, (ISP\u00a0<u>3026-5, ISP 3027-5 et ISP 3028-5<\/u>).<\/p>\n<p>[\/vc_column_text][\/vc_accordion_tab][\/vc_accordion][vc_separator type=\u00a0\u00bbtransparent\u00a0\u00bb border_style=\u00a0\u00bb\u00a0\u00bb][vc_separator type=\u00a0\u00bbtransparent\u00a0\u00bb border_style=\u00a0\u00bb\u00a0\u00bb][vc_separator type=\u00a0\u00bbtransparent\u00a0\u00bb border_style=\u00a0\u00bb\u00a0\u00bb][vc_separator type=\u00a0\u00bbtransparent\u00a0\u00bb border_style=\u00a0\u00bb\u00a0\u00bb][\/vc_column][vc_column width=\u00a0\u00bb1\/2&Prime;][vc_accordion active_tab=\u00a0\u00bbfalse\u00a0\u00bb style=\u00a0\u00bbtoggle\u00a0\u00bb][vc_accordion_tab title=\u00a0\u00bbUn adulte inscrit en ISP doit-il faire tous les cours du programme?\u00a0\u00bb][vc_column_text]Non, l\u2019adulte ne doit pas n\u00e9cessairement faire tous les cours du programme. Le parcours de formation d\u00e9pend du projet de l\u2019adulte. Il peut s\u2019inscrire en ISP en vue d\u2019exercer un emploi non sp\u00e9cialis\u00e9, un m\u00e9tier semi-sp\u00e9cialis\u00e9, actualiser des comp\u00e9tences li\u00e9es \u00e0 l\u2019exercice de sa sp\u00e9cialit\u00e9, ou en vue d\u2019int\u00e9grer le march\u00e9 du travail. Les cours sont assign\u00e9s en fonction du projet de l\u2019adulte, de ses besoins de formation et des exigences li\u00e9es aux certifications minist\u00e9rielles s\u2019il y a lieu.[\/vc_column_text][\/vc_accordion_tab][vc_accordion_tab title=\u00a0\u00bbO\u00f9 peut-on trouver du mat\u00e9riel p\u00e9dagogique et de l\u2019aide pour l\u2019\u00e9laboration de situations d\u2019apprentissage?\u00a0\u00bb][vc_separator type=\u00a0\u00bbtransparent\u00a0\u00bb border_style=\u00a0\u00bb\u00a0\u00bb][vc_column_text]La biblioth\u00e8que en ligne Alexandrie FGA permet le partage d\u2019outils et de mat\u00e9riel p\u00e9dagogique et elle offre aussi la possibilit\u00e9 d&rsquo;un accompagnement personnalis\u00e9 pour les enseignants et les conseillers p\u00e9dagogiques. Pour en savoir plus :<\/p>\n<p><a href=\"http:\/\/www2.carrefourfga.com\/alexandrie\/nouveau\/index.php\">http:\/\/www2.carrefourfga.com\/alexandrie\/nouveau\/index.php<\/a><\/p>\n<p>[\/vc_column_text][\/vc_accordion_tab][vc_accordion_tab title=\u00a0\u00bbPoser une question?\u00a0\u00bb][vc_column_text]<strong>Nous joindre par courriel<\/strong><\/p>\n<p><strong><a title=\"mailto:ISP@education.gouv.qc.ca\" href=\"mailto:ISP@education.gouv.qc.ca\" data-linkindex=\"0\" data-olk-copy-source=\"MessageBody\">ISP@education.gouv.qc.ca<\/a><\/strong>[\/vc_column_text][\/vc_accordion_tab][\/vc_accordion][\/vc_column][\/vc_row]<\/p>\n<\/div>","protected":false},"excerpt":{"rendered":"<p>[vc_row css_animation=\u00a0\u00bb\u00a0\u00bb row_type=\u00a0\u00bbrow\u00a0\u00bb use_row_as_full_screen_section=\u00a0\u00bbno\u00a0\u00bb type=\u00a0\u00bbfull_width\u00a0\u00bb text_align=\u00a0\u00bbleft\u00a0\u00bb padding_bottom=\u00a0\u00bb22&Prime;][vc_column][vc_column_text] Informations g\u00e9n\u00e9rales [\/vc_column_text][\/vc_column][\/vc_row][vc_row css_animation=\u00a0\u00bb\u00a0\u00bb row_type=\u00a0\u00bbrow\u00a0\u00bb use_row_as_full_screen_section=\u00a0\u00bbno\u00a0\u00bb type=\u00a0\u00bbfull_width\u00a0\u00bb text_align=\u00a0\u00bbleft\u00a0\u00bb padding_bottom=\u00a0\u00bb60&Prime;][vc_column width=\u00a0\u00bb1\/2&Prime;][vc_accordion active_tab=\u00a0\u00bbfalse\u00a0\u00bb style=\u00a0\u00bbtoggle\u00a0\u00bb][vc_accordion_tab title=\u00a0\u00bbO\u00f9 peut-on trouver le programme d\u2019\u00e9tudes ISP?\u00a0\u00bb][vc_column_text]Le programme d\u2019\u00e9tudes ISP est disponible via le site Web du Minist\u00e8re de l\u2019\u00c9ducation (MEQ). Version fran\u00e7aise\u00a0: https:\/\/cdn-contenu.quebec.ca\/cdn-contenu\/education\/formation-generale-adultes\/programmes\/FGA-programme-integration-socioprofessionnelle.pdf\u00a0 Version anglaise\u00a0:&#8230;<\/p>\n","protected":false},"author":1,"featured_media":0,"parent":0,"menu_order":0,"comment_status":"closed","ping_status":"closed","template":"","meta":{"footnotes":"","_links_to":"","_links_to_target":""},"_links":{"self":[{"href":"https:\/\/www.accompagnementfga.ca\/isp\/wp-json\/wp\/v2\/pages\/22088"}],"collection":[{"href":"https:\/\/www.accompagnementfga.ca\/isp\/wp-json\/wp\/v2\/pages"}],"about":[{"href":"https:\/\/www.accompagnementfga.ca\/isp\/wp-json\/wp\/v2\/types\/page"}],"author":[{"embeddable":true,"href":"https:\/\/www.accompagnementfga.ca\/isp\/wp-json\/wp\/v2\/users\/1"}],"replies":[{"embeddable":true,"href":"https:\/\/www.accompagnementfga.ca\/isp\/wp-json\/wp\/v2\/comments?post=22088"}],"version-history":[{"count":42,"href":"https:\/\/www.accompagnementfga.ca\/isp\/wp-json\/wp\/v2\/pages\/22088\/revisions"}],"predecessor-version":[{"id":23277,"href":"https:\/\/www.accompagnementfga.ca\/isp\/wp-json\/wp\/v2\/pages\/22088\/revisions\/23277"}],"wp:attachment":[{"href":"https:\/\/www.accompagnementfga.ca\/isp\/wp-json\/wp\/v2\/media?parent=22088"}],"curies":[{"name":"wp","href":"https:\/\/api.w.org\/{rel}","templated":true}]}}