{"id":21647,"date":"2015-10-21T14:27:09","date_gmt":"2015-10-21T13:27:09","guid":{"rendered":"http:\/\/www.accompagnementfga.ca\/demo1\/?page_id=21647"},"modified":"2025-12-16T18:19:52","modified_gmt":"2025-12-16T17:19:52","slug":"accueil","status":"publish","type":"page","link":"https:\/\/www.accompagnementfga.ca\/isp\/","title":{"rendered":"Accueil 1"},"content":{"rendered":"<div class=\"wpb-content-wrapper\"><p>[vc_row css_animation=\u00a0\u00bb\u00a0\u00bb row_type=\u00a0\u00bbrow\u00a0\u00bb use_row_as_full_screen_section=\u00a0\u00bbno\u00a0\u00bb type=\u00a0\u00bbfull_width\u00a0\u00bb text_align=\u00a0\u00bbleft\u00a0\u00bb background_color=\u00a0\u00bb#ffffff\u00a0\u00bb][vc_column][vc_row_inner row_type=\u00a0\u00bbrow\u00a0\u00bb type=\u00a0\u00bbgrid\u00a0\u00bb use_row_as_full_screen_section_slide=\u00a0\u00bbno\u00a0\u00bb text_align=\u00a0\u00bbleft\u00a0\u00bb background_color=\u00a0\u00bb#ffffff\u00a0\u00bb padding_top=\u00a0\u00bb80&Prime; padding_bottom=\u00a0\u00bb80&Prime; css_animation=\u00a0\u00bb\u00a0\u00bb][vc_column_inner][vc_column_text]<\/p>\n<div class=\"wpb_text_column wpb_content_element \">\n<div class=\"wpb_wrapper\">\n<h4>BIENVENUE SUR LE SITE D\u2019ACCOMPAGNEMENT<\/h4>\n<\/div>\n<\/div>\n<p>[\/vc_column_text][vc_column_text]<\/p>\n<div class=\"wpb_text_column wpb_content_element \">\n<div class=\"wpb_wrapper\">\n<h3>Int\u00e9gration socioprofessionnelle<\/h3>\n<\/div>\n<\/div>\n<p>[\/vc_column_text][vc_separator type=\u00a0\u00bbtransparent\u00a0\u00bb border_style=\u00a0\u00bb\u00a0\u00bb up=\u00a0\u00bb40&Prime; down=\u00a0\u00bb0&Prime;][vc_column_text]Afin d&rsquo;apporter le soutien\u00a0n\u00e9cessaire aux enseignantes et aux enseignants dans le cadre de la mise en \u0153uvre du nouveau programme <em>Int\u00e9gration socioprofessionnelle<\/em>, la <span data-olk-copy-source=\"MessageBody\">DDFP <\/span>offre un accompagnement portant sur diff\u00e9rents aspects du programme d&rsquo;\u00e9tudes et de l&rsquo;\u00e9valuation.<\/p>\n<p>Un accompagnement est \u00e9galement offert pour l&rsquo;appropriation et la mise en oeuvre du nouveau dispositif de reconnaissance des acquis et des comp\u00e9tences pour l&rsquo;obtention du certificat de formation \u00e0 un m\u00e9tier semi-sp\u00e9cialis\u00e9 (RAC-FMS).[\/vc_column_text][\/vc_column_inner][\/vc_row_inner][\/vc_column][\/vc_row]<\/p>\n<\/div>","protected":false},"excerpt":{"rendered":"<p>[vc_row css_animation=\u00a0\u00bb\u00a0\u00bb row_type=\u00a0\u00bbrow\u00a0\u00bb use_row_as_full_screen_section=\u00a0\u00bbno\u00a0\u00bb type=\u00a0\u00bbfull_width\u00a0\u00bb text_align=\u00a0\u00bbleft\u00a0\u00bb background_color=\u00a0\u00bb#ffffff\u00a0\u00bb][vc_column][vc_row_inner row_type=\u00a0\u00bbrow\u00a0\u00bb type=\u00a0\u00bbgrid\u00a0\u00bb use_row_as_full_screen_section_slide=\u00a0\u00bbno\u00a0\u00bb text_align=\u00a0\u00bbleft\u00a0\u00bb background_color=\u00a0\u00bb#ffffff\u00a0\u00bb padding_top=\u00a0\u00bb80&Prime; padding_bottom=\u00a0\u00bb80&Prime; css_animation=\u00a0\u00bb\u00a0\u00bb][vc_column_inner][vc_column_text] BIENVENUE SUR LE SITE D\u2019ACCOMPAGNEMENT [\/vc_column_text][vc_column_text] Int\u00e9gration socioprofessionnelle [\/vc_column_text][vc_separator type=\u00a0\u00bbtransparent\u00a0\u00bb border_style=\u00a0\u00bb\u00a0\u00bb up=\u00a0\u00bb40&Prime; down=\u00a0\u00bb0&Prime;][vc_column_text]Afin d&rsquo;apporter le soutien\u00a0n\u00e9cessaire aux enseignantes et aux enseignants dans le cadre de la mise en \u0153uvre du&#8230;<\/p>\n","protected":false},"author":1,"featured_media":0,"parent":0,"menu_order":0,"comment_status":"closed","ping_status":"closed","template":"full_width.php","meta":{"footnotes":"","_links_to":"","_links_to_target":""},"_links":{"self":[{"href":"https:\/\/www.accompagnementfga.ca\/isp\/wp-json\/wp\/v2\/pages\/21647"}],"collection":[{"href":"https:\/\/www.accompagnementfga.ca\/isp\/wp-json\/wp\/v2\/pages"}],"about":[{"href":"https:\/\/www.accompagnementfga.ca\/isp\/wp-json\/wp\/v2\/types\/page"}],"author":[{"embeddable":true,"href":"https:\/\/www.accompagnementfga.ca\/isp\/wp-json\/wp\/v2\/users\/1"}],"replies":[{"embeddable":true,"href":"https:\/\/www.accompagnementfga.ca\/isp\/wp-json\/wp\/v2\/comments?post=21647"}],"version-history":[{"count":14,"href":"https:\/\/www.accompagnementfga.ca\/isp\/wp-json\/wp\/v2\/pages\/21647\/revisions"}],"predecessor-version":[{"id":23296,"href":"https:\/\/www.accompagnementfga.ca\/isp\/wp-json\/wp\/v2\/pages\/21647\/revisions\/23296"}],"wp:attachment":[{"href":"https:\/\/www.accompagnementfga.ca\/isp\/wp-json\/wp\/v2\/media?parent=21647"}],"curies":[{"name":"wp","href":"https:\/\/api.w.org\/{rel}","templated":true}]}}

<div class="wpb-content-wrapper"><p>[vc_row css_animation= » » row_type= »row » use_row_as_full_screen_section= »no » type= »full_width » text_align= »left » background_color= »#ffffff »][vc_column][vc_row_inner row_type= »row » type= »grid » use_row_as_full_screen_section_slide= »no » text_align= »left » background_color= »#ffffff » padding_top= »80&Prime; padding_bottom= »80&Prime; css_animation= » »][vc_column_inner][vc_column_text]</p>
<div class="wpb_text_column wpb_content_element ">
<div class="wpb_wrapper">
<h4>BIENVENUE SUR LE SITE D’ACCOMPAGNEMENT</h4>
</div>
</div>
<p>[/vc_column_text][vc_column_text]</p>
<div class="wpb_text_column wpb_content_element ">
<div class="wpb_wrapper">
<h3>Intégration socioprofessionnelle</h3>
</div>
</div>
<p>[/vc_column_text][vc_separator type= »transparent » border_style= » » up= »40&Prime; down= »0&Prime;][vc_column_text]Afin d&rsquo;apporter le soutien nécessaire aux enseignantes et aux enseignants dans le cadre de la mise en œuvre du nouveau programme <em>Intégration socioprofessionnelle</em>, la <span data-olk-copy-source="MessageBody">DDFP </span>offre un accompagnement portant sur différents aspects du programme d&rsquo;études et de l&rsquo;évaluation.</p>
<p>Un accompagnement est également offert pour l&rsquo;appropriation et la mise en oeuvre du nouveau dispositif de reconnaissance des acquis et des compétences pour l&rsquo;obtention du certificat de formation à un métier semi-spécialisé (RAC-FMS).[/vc_column_text][/vc_column_inner][/vc_row_inner][/vc_column][/vc_row]</p>
</div>

<p>[vc_row css_animation= » » row_type= »row » use_row_as_full_screen_section= »no » type= »full_width » text_align= »left » background_color= »#ffffff »][vc_column][vc_row_inner row_type= »row » type= »grid » use_row_as_full_screen_section_slide= »no » text_align= »left » background_color= »#ffffff » padding_top= »80&Prime; padding_bottom= »80&Prime; css_animation= » »][vc_column_inner][vc_column_text] BIENVENUE SUR LE SITE D’ACCOMPAGNEMENT [/vc_column_text][vc_column_text] Intégration socioprofessionnelle [/vc_column_text][vc_separator type= »transparent » border_style= » » up= »40&Prime; down= »0&Prime;][vc_column_text]Afin d&rsquo;apporter le soutien nécessaire aux enseignantes et aux enseignants dans le cadre de la mise en œuvre du&#8230;</p>
