{"id":23691,"date":"2022-04-25T19:09:34","date_gmt":"2022-04-25T23:09:34","guid":{"rendered":"http:\/\/www.accompagnementfga.ca\/educationfinanciere\/?page_id=23691"},"modified":"2022-06-27T12:57:19","modified_gmt":"2022-06-27T16:57:19","slug":"formation-octobre-2021","status":"publish","type":"page","link":"https:\/\/www.accompagnementfga.ca\/educationfinanciere\/formation-octobre-2021\/","title":{"rendered":"Formation (octobre 2021)"},"content":{"rendered":"<div class=\"wpb-content-wrapper\"><p>[vc_row row_type=\u00a0\u00bbrow\u00a0\u00bb use_row_as_full_screen_section=\u00a0\u00bbno\u00a0\u00bb type=\u00a0\u00bbfull_width\u00a0\u00bb text_align=\u00a0\u00bbleft\u00a0\u00bb css_animation=\u00a0\u00bb\u00a0\u00bb][vc_column][vc_column_text]Formation d\u2019octobre 2021 en \u00c9DUCATION FINANCI\u00c8RE<\/p>\n<p>S\u2019adressant \u00e0 la fois au personnel enseignant en univers social et au personnel de conseillance p\u00e9dagogique, cette formation sur le programme d\u2019\u00e9tudes<em> \u00c9ducation financi\u00e8re<\/em> vise \u00e0 permettre aux personnes participantes de s\u2019approprier ce programme d\u2019\u00e9tudes et de se familiariser avec les instruments d\u2019\u00e9valuation.<\/p>\n<p>Dans un premier temps, nous vous proposons les \u00e9l\u00e9ments cl\u00e9s du programme d\u2019\u00e9tudes pour mieux comprendre la structure des cours, la comp\u00e9tence disciplinaire et le contenu disciplinaire. Des exemples de mise en \u0153uvre de la comp\u00e9tence sont \u00e9galement pr\u00e9sent\u00e9s. Dans un deuxi\u00e8me temps, nous pr\u00e9sentons des pistes pour vous permettre de vous approprier les principaux \u00e9l\u00e9ments de l\u2019\u00e9valuation des apprentissages associ\u00e9s au crit\u00e8re d\u2019\u00e9valuation du cours. Finalement, nous vous proposons une grille d\u2019analyse pour aider l\u2019enseignant \u00e0 choisir les outils didactiques appropri\u00e9s.[\/vc_column_text][\/vc_column][\/vc_row][vc_row row_type=\u00a0\u00bbrow\u00a0\u00bb use_row_as_full_screen_section=\u00a0\u00bbno\u00a0\u00bb type=\u00a0\u00bbfull_width\u00a0\u00bb text_align=\u00a0\u00bbleft\u00a0\u00bb css_animation=\u00a0\u00bb\u00a0\u00bb][vc_column][vc_empty_space][\/vc_column][\/vc_row][vc_row row_type=\u00a0\u00bbrow\u00a0\u00bb use_row_as_full_screen_section=\u00a0\u00bbno\u00a0\u00bb type=\u00a0\u00bbfull_width\u00a0\u00bb text_align=\u00a0\u00bbleft\u00a0\u00bb css_animation=\u00a0\u00bb\u00a0\u00bb][vc_column][vc_raw_html]JTBBJTBBJTBBJTNDaWZyYW1lJTIwd2lkdGglM0QlMjI1NjAlMjIlMjBoZWlnaHQlM0QlMjIzMTUlMjIlMjBzcmMlM0QlMjJodHRwcyUzQSUyRiUyRnd3dy55b3V0dWJlLmNvbSUyRmVtYmVkJTJGUFZDSE85R05xdmclMjIlMjB0aXRsZSUzRCUyMllvdVR1YmUlMjB2aWRlbyUyMHBsYXllciUyMiUyMGZyYW1lYm9yZGVyJTNEJTIyMCUyMiUyMGFsbG93JTNEJTIyYWNjZWxlcm9tZXRlciUzQiUyMGF1dG9wbGF5JTNCJTIwY2xpcGJvYXJkLXdyaXRlJTNCJTIwZW5jcnlwdGVkLW1lZGlhJTNCJTIwZ3lyb3Njb3BlJTNCJTIwcGljdHVyZS1pbi1waWN0dXJlJTIyJTIwYWxsb3dmdWxsc2NyZWVuJTNFJTNDJTJGaWZyYW1lJTNF[\/vc_raw_html][\/vc_column][\/vc_row][vc_row row_type=\u00a0\u00bbrow\u00a0\u00bb use_row_as_full_screen_section=\u00a0\u00bbno\u00a0\u00bb type=\u00a0\u00bbfull_width\u00a0\u00bb text_align=\u00a0\u00bbleft\u00a0\u00bb css_animation=\u00a0\u00bb\u00a0\u00bb][vc_column][vc_empty_space][\/vc_column][\/vc_row][vc_row row_type=\u00a0\u00bbrow\u00a0\u00bb use_row_as_full_screen_section=\u00a0\u00bbno\u00a0\u00bb type=\u00a0\u00bbfull_width\u00a0\u00bb text_align=\u00a0\u00bbleft\u00a0\u00bb css_animation=\u00a0\u00bb\u00a0\u00bb][vc_column][vc_column_text]<a href=\"http:\/\/www.accompagnementfga.ca\/educationfinanciere\/wp-content\/uploads\/sites\/28\/2022\/06\/Pr\u00e9sentation_Formation_\u00c9ducation-financi\u00e8re_29-octobre-2021__Carrefour-FGA.pdf\" class=\"mtli_attachment mtli_pdf\">Pr\u00e9sentation_Formation_\u00c9ducation financi\u00e8re &#8211; 29 octobre 2021<\/a>[\/vc_column_text][\/vc_column][\/vc_row]<\/p>\n<\/div>","protected":false},"excerpt":{"rendered":"<p>[vc_row row_type=\u00a0\u00bbrow\u00a0\u00bb use_row_as_full_screen_section=\u00a0\u00bbno\u00a0\u00bb type=\u00a0\u00bbfull_width\u00a0\u00bb text_align=\u00a0\u00bbleft\u00a0\u00bb css_animation=\u00a0\u00bb\u00a0\u00bb][vc_column][vc_column_text]Formation d\u2019octobre 2021 en \u00c9DUCATION FINANCI\u00c8RE S\u2019adressant \u00e0 la fois au personnel enseignant en univers social et au personnel de conseillance p\u00e9dagogique, cette formation sur le programme d\u2019\u00e9tudes \u00c9ducation financi\u00e8re vise \u00e0 permettre aux personnes participantes de s\u2019approprier ce programme&#8230;<\/p>\n","protected":false},"author":11,"featured_media":0,"parent":0,"menu_order":0,"comment_status":"closed","ping_status":"closed","template":"","meta":{"footnotes":"","_links_to":"","_links_to_target":""},"folder":[],"_links":{"self":[{"href":"https:\/\/www.accompagnementfga.ca\/educationfinanciere\/wp-json\/wp\/v2\/pages\/23691"}],"collection":[{"href":"https:\/\/www.accompagnementfga.ca\/educationfinanciere\/wp-json\/wp\/v2\/pages"}],"about":[{"href":"https:\/\/www.accompagnementfga.ca\/educationfinanciere\/wp-json\/wp\/v2\/types\/page"}],"author":[{"embeddable":true,"href":"https:\/\/www.accompagnementfga.ca\/educationfinanciere\/wp-json\/wp\/v2\/users\/11"}],"replies":[{"embeddable":true,"href":"https:\/\/www.accompagnementfga.ca\/educationfinanciere\/wp-json\/wp\/v2\/comments?post=23691"}],"version-history":[{"count":16,"href":"https:\/\/www.accompagnementfga.ca\/educationfinanciere\/wp-json\/wp\/v2\/pages\/23691\/revisions"}],"predecessor-version":[{"id":23718,"href":"https:\/\/www.accompagnementfga.ca\/educationfinanciere\/wp-json\/wp\/v2\/pages\/23691\/revisions\/23718"}],"wp:attachment":[{"href":"https:\/\/www.accompagnementfga.ca\/educationfinanciere\/wp-json\/wp\/v2\/media?parent=23691"}],"wp:term":[{"taxonomy":"folder","embeddable":true,"href":"https:\/\/www.accompagnementfga.ca\/educationfinanciere\/wp-json\/wp\/v2\/folder?post=23691"}],"curies":[{"name":"wp","href":"https:\/\/api.w.org\/{rel}","templated":true}]}}