{"id":23632,"date":"2020-08-30T15:42:28","date_gmt":"2020-08-30T19:42:28","guid":{"rendered":"http:\/\/www.accompagnementfga.ca\/educationfinanciere\/bibliotheque-2-copy\/"},"modified":"2022-03-12T15:31:17","modified_gmt":"2022-03-12T19:31:17","slug":"nouvelles_ressources","status":"publish","type":"page","link":"https:\/\/www.accompagnementfga.ca\/educationfinanciere\/nouvelles_ressources\/","title":{"rendered":"Nouvelles ressources"},"content":{"rendered":"<div class=\"wpb-content-wrapper\"><p>[vc_row row_type=\u00a0\u00bbrow\u00a0\u00bb use_row_as_full_screen_section=\u00a0\u00bbno\u00a0\u00bb type=\u00a0\u00bbgrid\u00a0\u00bb text_align=\u00a0\u00bbleft\u00a0\u00bb padding_top=\u00a0\u00bb40&Prime; padding_bottom=\u00a0\u00bb20&Prime; css_animation=\u00a0\u00bb\u00a0\u00bb][vc_column][vc_column_text]L\u2019Office de la protection du consommateur a modifi\u00e9 ses activit\u00e9s p\u00e9dagogiques compl\u00e9mentaires au programme d\u2019\u00e9ducation financi\u00e8re, pour qu\u2019elles r\u00e9pondent aux besoins sp\u00e9cifiques de la client\u00e8le de la Formation g\u00e9n\u00e9rale des adultes. Voici le d\u00e9tail des am\u00e9liorations\u00a0:<\/p>\n<ul>\n<li>les activit\u00e9s se r\u00e9alisent de fa\u00e7on individuelle;<\/li>\n<li>la formulation des consignes est adapt\u00e9e au public cible;<\/li>\n<li>les exemples tiennent compte de la r\u00e9alit\u00e9 des adultes.<\/li>\n<\/ul>\n<p>[\/vc_column_text][\/vc_column][\/vc_row][vc_row row_type=\u00a0\u00bbrow\u00a0\u00bb use_row_as_full_screen_section=\u00a0\u00bbno\u00a0\u00bb type=\u00a0\u00bbgrid\u00a0\u00bb text_align=\u00a0\u00bbleft\u00a0\u00bb padding_top=\u00a0\u00bb40&Prime; padding_bottom=\u00a0\u00bb20&Prime; css_animation=\u00a0\u00bb\u00a0\u00bb][vc_column][vc_column_text]<strong>Lien<\/strong><\/p>\n<div>\n<ul class=\"deux_colonnes\">\n<li><a href=\"http:\/\/opc.gouv.qc.ca\/fga\" target=\"_blank\" class=\"broken_link\">Activit\u00e9s<\/a>\u00a0\u00a0<a href=\"http:\/\/opc.gouv.qc.ca\/fga\" target=\"_blank\" class=\"broken_link\"><img decoding=\"async\" loading=\"lazy\" class=\"alignnone\" style=\"height: auto;max-width: 100%\" src=\"http:\/\/www.education.gouv.qc.ca\/fileadmin\/templates\/images\/icones\/externe.png\" alt=\"Cet hyperlien s'ouvrira dans une nouvelle fen\u00eatre.\" width=\"13\" height=\"13\" \/><\/a><\/li>\n<\/ul>\n<\/div>\n<p>[\/vc_column_text][\/vc_column][\/vc_row][vc_row row_type=\u00a0\u00bbrow\u00a0\u00bb use_row_as_full_screen_section=\u00a0\u00bbno\u00a0\u00bb type=\u00a0\u00bbfull_width\u00a0\u00bb text_align=\u00a0\u00bbleft\u00a0\u00bb css_animation=\u00a0\u00bb\u00a0\u00bb][vc_column][\/vc_column][\/vc_row]<\/p>\n<\/div>","protected":false},"excerpt":{"rendered":"<p>[vc_row row_type=\u00a0\u00bbrow\u00a0\u00bb use_row_as_full_screen_section=\u00a0\u00bbno\u00a0\u00bb type=\u00a0\u00bbgrid\u00a0\u00bb text_align=\u00a0\u00bbleft\u00a0\u00bb padding_top=\u00a0\u00bb40&Prime; padding_bottom=\u00a0\u00bb20&Prime; css_animation=\u00a0\u00bb\u00a0\u00bb][vc_column][vc_column_text]L\u2019Office de la protection du consommateur a modifi\u00e9 ses activit\u00e9s p\u00e9dagogiques compl\u00e9mentaires au programme d\u2019\u00e9ducation financi\u00e8re, pour qu\u2019elles r\u00e9pondent aux besoins sp\u00e9cifiques de la client\u00e8le de la Formation g\u00e9n\u00e9rale des adultes. Voici le d\u00e9tail des am\u00e9liorations\u00a0: les activit\u00e9s&#8230;<\/p>\n","protected":false},"author":1,"featured_media":0,"parent":0,"menu_order":0,"comment_status":"closed","ping_status":"closed","template":"full_width.php","meta":{"footnotes":"","_links_to":"","_links_to_target":""},"folder":[48],"_links":{"self":[{"href":"https:\/\/www.accompagnementfga.ca\/educationfinanciere\/wp-json\/wp\/v2\/pages\/23632"}],"collection":[{"href":"https:\/\/www.accompagnementfga.ca\/educationfinanciere\/wp-json\/wp\/v2\/pages"}],"about":[{"href":"https:\/\/www.accompagnementfga.ca\/educationfinanciere\/wp-json\/wp\/v2\/types\/page"}],"author":[{"embeddable":true,"href":"https:\/\/www.accompagnementfga.ca\/educationfinanciere\/wp-json\/wp\/v2\/users\/1"}],"replies":[{"embeddable":true,"href":"https:\/\/www.accompagnementfga.ca\/educationfinanciere\/wp-json\/wp\/v2\/comments?post=23632"}],"version-history":[{"count":7,"href":"https:\/\/www.accompagnementfga.ca\/educationfinanciere\/wp-json\/wp\/v2\/pages\/23632\/revisions"}],"predecessor-version":[{"id":23642,"href":"https:\/\/www.accompagnementfga.ca\/educationfinanciere\/wp-json\/wp\/v2\/pages\/23632\/revisions\/23642"}],"wp:attachment":[{"href":"https:\/\/www.accompagnementfga.ca\/educationfinanciere\/wp-json\/wp\/v2\/media?parent=23632"}],"wp:term":[{"taxonomy":"folder","embeddable":true,"href":"https:\/\/www.accompagnementfga.ca\/educationfinanciere\/wp-json\/wp\/v2\/folder?post=23632"}],"curies":[{"name":"wp","href":"https:\/\/api.w.org\/{rel}","templated":true}]}}