{"id":22772,"date":"2016-12-12T20:38:04","date_gmt":"2016-12-12T19:38:04","guid":{"rendered":"http:\/\/www.accompagnementfga.ca\/educationfinanciere\/accueil-copy\/"},"modified":"2020-01-29T21:11:10","modified_gmt":"2020-01-30T01:11:10","slug":"programmes-c","status":"publish","type":"page","link":"https:\/\/www.accompagnementfga.ca\/educationfinanciere\/","title":{"rendered":"Programmes C"},"content":{"rendered":"<div class=\"wpb-content-wrapper\"><p>[vc_row row_type=\u00a0\u00bbrow\u00a0\u00bb use_row_as_full_screen_section=\u00a0\u00bbno\u00a0\u00bb type=\u00a0\u00bbfull_width\u00a0\u00bb text_align=\u00a0\u00bbleft\u00a0\u00bb background_color=\u00a0\u00bb#ffffff\u00a0\u00bb css_animation=\u00a0\u00bb\u00a0\u00bb][vc_column][vc_row_inner row_type=\u00a0\u00bbrow\u00a0\u00bb type=\u00a0\u00bbgrid\u00a0\u00bb use_row_as_full_screen_section_slide=\u00a0\u00bbno\u00a0\u00bb text_align=\u00a0\u00bbleft\u00a0\u00bb background_color=\u00a0\u00bb#ffffff\u00a0\u00bb padding_top=\u00a0\u00bb80&Prime; padding_bottom=\u00a0\u00bb80&Prime; css_animation=\u00a0\u00bb\u00a0\u00bb][vc_column_inner][vc_separator type=\u00a0\u00bbtransparent\u00a0\u00bb border_style=\u00a0\u00bb\u00a0\u00bb up=\u00a0\u00bb40&Prime; down=\u00a0\u00bb0&Prime;][vc_column_text]<\/p>\n<div class=\"wpb_text_column wpb_content_element \">\n<div class=\"wpb_wrapper\">\n<h4>BIENVENUE SUR LE SITE D\u2019ACCOMPAGNEMENT<\/h4>\n<\/div>\n<\/div>\n<p>[\/vc_column_text][vc_column_text]<\/p>\n<h3>UNIVERS SOCIAL<\/h3>\n<h2>\u00c9ducation financi\u00e8re<\/h2>\n<p>[\/vc_column_text][vc_separator type=\u00a0\u00bbtransparent\u00a0\u00bb border_style=\u00a0\u00bb\u00a0\u00bb up=\u00a0\u00bb40&Prime; down=\u00a0\u00bb0&Prime;][vc_column_text]<\/p>\n<p style=\"text-align: justify\">En analysant des enjeux financiers qui le touchent, l\u2019adulte apprend \u00e0 mieux cerner les situations qui n\u00e9cessitent une prise de position. Il acquiert des connaissances et d\u00e9veloppe des savoir-faire lui permettant d\u2019\u00e9tablir de mani\u00e8re rigoureuse les cons\u00e9quences de ses choix. Le jugement critique qu\u2019il est appel\u00e9 \u00e0 exercer lors de la prise de position lui permet, entre autres, de reconna\u00eetre les influences qu\u2019il subit et de consid\u00e9rer les incidences juridiques des options qui se pr\u00e9sentent \u00e0 lui. Il d\u00e9couvre qu\u2019il doit pr\u00e9ciser davantage ses propres objectifs en \u00e9tablissant son degr\u00e9 de tol\u00e9rance par rapport aux al\u00e9as de la gestion des finances personnelles.<\/p>\n<p>Le programme d\u2019\u00e9tudes <em>\u00c9ducation financi\u00e8re<\/em> am\u00e8ne l\u2019adulte \u00e0\u00a0:<\/p>\n<ul>\n<li>d\u00e9velopper un sens critique dans la gestion de ses finances personnelles;<\/li>\n<li>d\u00e9velopper la confiance et la connaissance de soi n\u00e9cessaires \u00e0 son bien-\u00eatre financier.<\/li>\n<\/ul>\n<p>[\/vc_column_text][\/vc_column_inner][\/vc_row_inner][vc_separator type=\u00a0\u00bbtransparent\u00a0\u00bb border_style=\u00a0\u00bb\u00a0\u00bb up=\u00a0\u00bb40&Prime; down=\u00a0\u00bb0&Prime;][\/vc_column][\/vc_row]<\/p>\n<\/div>","protected":false},"excerpt":{"rendered":"<p>[vc_row row_type=\u00a0\u00bbrow\u00a0\u00bb use_row_as_full_screen_section=\u00a0\u00bbno\u00a0\u00bb type=\u00a0\u00bbfull_width\u00a0\u00bb text_align=\u00a0\u00bbleft\u00a0\u00bb background_color=\u00a0\u00bb#ffffff\u00a0\u00bb css_animation=\u00a0\u00bb\u00a0\u00bb][vc_column][vc_row_inner row_type=\u00a0\u00bbrow\u00a0\u00bb type=\u00a0\u00bbgrid\u00a0\u00bb use_row_as_full_screen_section_slide=\u00a0\u00bbno\u00a0\u00bb text_align=\u00a0\u00bbleft\u00a0\u00bb background_color=\u00a0\u00bb#ffffff\u00a0\u00bb padding_top=\u00a0\u00bb80&Prime; padding_bottom=\u00a0\u00bb80&Prime; css_animation=\u00a0\u00bb\u00a0\u00bb][vc_column_inner][vc_separator type=\u00a0\u00bbtransparent\u00a0\u00bb border_style=\u00a0\u00bb\u00a0\u00bb up=\u00a0\u00bb40&Prime; down=\u00a0\u00bb0&Prime;][vc_column_text] BIENVENUE SUR LE SITE D\u2019ACCOMPAGNEMENT [\/vc_column_text][vc_column_text] UNIVERS SOCIAL \u00c9ducation financi\u00e8re [\/vc_column_text][vc_separator type=\u00a0\u00bbtransparent\u00a0\u00bb border_style=\u00a0\u00bb\u00a0\u00bb up=\u00a0\u00bb40&Prime; down=\u00a0\u00bb0&Prime;][vc_column_text] En analysant des enjeux financiers qui le touchent, l\u2019adulte apprend \u00e0&#8230;<\/p>\n","protected":false},"author":1,"featured_media":0,"parent":0,"menu_order":0,"comment_status":"closed","ping_status":"closed","template":"full_width.php","meta":{"footnotes":"","_links_to":"","_links_to_target":""},"folder":[],"_links":{"self":[{"href":"https:\/\/www.accompagnementfga.ca\/educationfinanciere\/wp-json\/wp\/v2\/pages\/22772"}],"collection":[{"href":"https:\/\/www.accompagnementfga.ca\/educationfinanciere\/wp-json\/wp\/v2\/pages"}],"about":[{"href":"https:\/\/www.accompagnementfga.ca\/educationfinanciere\/wp-json\/wp\/v2\/types\/page"}],"author":[{"embeddable":true,"href":"https:\/\/www.accompagnementfga.ca\/educationfinanciere\/wp-json\/wp\/v2\/users\/1"}],"replies":[{"embeddable":true,"href":"https:\/\/www.accompagnementfga.ca\/educationfinanciere\/wp-json\/wp\/v2\/comments?post=22772"}],"version-history":[{"count":31,"href":"https:\/\/www.accompagnementfga.ca\/educationfinanciere\/wp-json\/wp\/v2\/pages\/22772\/revisions"}],"predecessor-version":[{"id":23605,"href":"https:\/\/www.accompagnementfga.ca\/educationfinanciere\/wp-json\/wp\/v2\/pages\/22772\/revisions\/23605"}],"wp:attachment":[{"href":"https:\/\/www.accompagnementfga.ca\/educationfinanciere\/wp-json\/wp\/v2\/media?parent=22772"}],"wp:term":[{"taxonomy":"folder","embeddable":true,"href":"https:\/\/www.accompagnementfga.ca\/educationfinanciere\/wp-json\/wp\/v2\/folder?post=22772"}],"curies":[{"name":"wp","href":"https:\/\/api.w.org\/{rel}","templated":true}]}}