{"id":320,"date":"2017-02-17T11:38:04","date_gmt":"2017-02-17T16:38:04","guid":{"rendered":"http:\/\/www.accompagnementfga.ca\/carrefourfga\/?page_id=320"},"modified":"2017-04-18T12:54:42","modified_gmt":"2017-04-18T17:54:42","slug":"accompagnement-national","status":"publish","type":"page","link":"http:\/\/www.accompagnementfga.ca\/carrefourfga\/accompagnement-national\/","title":{"rendered":"| ACCOMPAGNEMENT NATIONAL"},"content":{"rendered":"[vc_row bottom_padding=\u00a0\u00bb300px\u00a0\u00bb margin_bottom=\u00a0\u00bb\u00a0\u00bb bk_element=\u00a0\u00bbimage\u00a0\u00bb bg_image_repeat=\u00a0\u00bbverve_cover\u00a0\u00bb bg_image=\u00a0\u00bb894&Prime;][vc_column width=\u00a0\u00bb1\/1&Prime;][\/vc_column][\/vc_row][vc_row top_padding=\u00a0\u00bb72px\u00a0\u00bb bottom_padding=\u00a0\u00bb48px\u00a0\u00bb][vc_column width=\u00a0\u00bb1\/1&Prime;][vc_row_inner][vc_column_inner width=\u00a0\u00bb3\/4&Prime;]<div class=\"prk_service prk_service_left verve_bigger_service wpb_animate_when_almost_visible wpb_top-to-bottom\" data-color=\"default\" data-default=\"default\"><i class=\"mdi mdi-account-switch colored_link_icon small_headings_color\"><\/i><div class=\"clearfix\"><\/div><div class=\"prk_service_ctt\"><h4 class=\"big zero_color header_font prk_heavier_600\">Accompagnement national<\/h4><div class=\"clearfix\"><\/div><div class=\"verve_service_desc wpb_text_column prk_9_em\">Afin d\u2019apporter le support n\u00e9cessaire aux enseignantes et aux enseignants dans le cadre de la mise en \u0153uvre des nouveaux programmes, la DEAFC offre cette ann\u00e9e un accompagnement portant sur diff\u00e9rents aspects du programme d\u2019\u00e9tudes et de l\u2019\u00e9valuation.<\/div><\/div><\/div>[\/vc_column_inner][vc_column_inner width=\u00a0\u00bb1\/4&Prime;][vc_single_image image=\u00a0\u00bb289&Prime; img_size=\u00a0\u00bbfull\u00a0\u00bb onclick=\u00a0\u00bbcustom_link\u00a0\u00bb css_animation=\u00a0\u00bbbottom-to-top\u00a0\u00bb link=\u00a0\u00bbhttp:\/\/www.accompagnementfga.ca\/carrefourfga\/accompagnement-national\/\u00a0\u00bb][\/vc_column_inner][\/vc_row_inner][vc_row_inner custom_css=\u00a0\u00bbmargin-top:10px;\u00a0\u00bb][vc_column_inner width=\u00a0\u00bb1\/4&Prime; custom_css=\u00a0\u00bbmargin-left:70px;\u00a0\u00bb][vc_column_text css_animation=\u00a0\u00bbtop-to-bottom\u00a0\u00bb]<a href=\"http:\/\/www.accompagnementfga.ca\/carrefourfga\/accompagnement-national\/esl\">\u2192 English as a Second Language<br \/>\n<\/a><a href=\"http:\/\/www.accompagnementfga.ca\/carrefourfga\/accompagnement-national\/FLE\">\u2192 Fran\u00e7ais, langue d&rsquo;enseignement<br \/>\n<\/a><a href=\"http:\/\/www.accompagnementfga.ca\/carrefourfga\/accompagnement-national\/FLS\">\u2192 Fran\u00e7ais, langue seconde<br \/>\n<\/a><a href=\"http:\/\/www.accompagnementfga.ca\/carrefourfga\/accompagnement-national\/francisation\">\u2192 Francisation<br \/>\n<\/a><a href=\"http:\/\/www.accompagnementfga.ca\/carrefourfga\/accompagnement-national\/Informatique\">\u2192 Informatique<\/a>[\/vc_column_text][\/vc_column_inner][vc_column_inner width=\u00a0\u00bb1\/4&Prime;][vc_column_text css_animation=\u00a0\u00bbtop-to-bottom\u00a0\u00bb]<a href=\"http:\/\/www.accompagnementfga.ca\/carrefourfga\/accompagnement-national\/ISP\">\u2192 Int\u00e9gration socioprofessionnelle<br \/>\n<\/a><a href=\"http:\/\/www.mathematiquefga.ca\/\" target=\"_blank\">\u2192 Math\u00e9matiques 2014-2016<br \/>\n<\/a><a href=\"http:\/\/www.accompagnementfga.ca\/carrefourfga\/accompagnement-national\/mathematique\/\">\u2192 Math\u00e9matiques 2016-2017<br \/>\n<\/a><a href=\"http:\/\/www.accompagnementfga.ca\/carrefourfga\/accompagnement-national\/univers-social\/\">\u2192 Univers social<br \/>\n<\/a><a href=\"http:\/\/www.accompagnementfga.ca\/carrefourfga\/accompagnement-national\/stcpb\">\u2192 Science et technologie<\/a>[\/vc_column_text][\/vc_column_inner][vc_column_inner width=\u00a0\u00bb1\/4&Prime;][vc_column_text css_animation=\u00a0\u00bbtop-to-bottom\u00a0\u00bb]<strong>\u00c0 venir<\/strong><br \/>\n\u2192 English, Language Arts[\/vc_column_text][\/vc_column_inner][vc_column_inner width=\u00a0\u00bb1\/4&Prime;][\/vc_column_inner][\/vc_row_inner][vc_row_inner custom_css=\u00a0\u00bbmargin-top:20px;\u00a0\u00bb][vc_column_inner width=\u00a0\u00bb3\/4&Prime; custom_css=\u00a0\u00bbpadding-left:90px;\u00a0\u00bb][vc_column_text css_animation=\u00a0\u00bbtop-to-bottom\u00a0\u00bb]<div class=\"symple-toggle state-closed \"><h3 class=\"symple-toggle-trigger \">Documents Int\u00e9gration sociale<\/h3><div class=\"symple-toggle-container symple-clearfix\"><a href=\"http:\/\/www.carrefourfga.com\/documents\/Rencontre%20nationale%2026-27%20janvier%202017.pdf\" target=\"_blank\">Rencontre nationale des gestionnaires et des responsables du soutien p\u00e9dagogique (26-27 janvier 2017)<br \/>\nLes adultes vis\u00e9s par le programme d&rsquo;\u00e9tudes Int\u00e9gration sociale de la formation g\u00e9n\u00e9rale des adultes<\/a><\/p>\n<p><a href=\"http:\/\/www.carrefourfga.com\/documents\/DHS%20en%20integration%20sociale.pdf\" target=\"_blank\">Cours du d\u00e9veloppement des habilet\u00e9s sp\u00e9cifiques (DHS) en int\u00e9gration sociale<\/a><\/p>\n<\/div><\/div><div class=\"symple-toggle state-closed \"><h3 class=\"symple-toggle-trigger \">Grille d&#039;appr\u00e9ciation du mat\u00e9riel d&#039;apprentissage<\/h3><div class=\"symple-toggle-container symple-clearfix\">La direction de l\u2019\u00e9ducation des adultes et de la formation continue du MEES, en collaboration avec le r\u00e9seau, a d\u00e9velopp\u00e9 une grille d\u2019appr\u00e9ciation du mat\u00e9riel d\u2019apprentissage pour aider les enseignants et les conseillers p\u00e9dagogiques \u00e0 choisir leur mat\u00e9riel didactique.<\/p>\n<p class=\"desc\">Il s\u2019agit d\u2019un <strong>outil non prescrit<\/strong> qui <strong>peut \u00eatre adapt\u00e9 ou modifi\u00e9<\/strong> en fonction des besoins.<\/p>\n<p class=\"desc\">\u00c0 la demande du r\u00e9seau, cette grille est rendue disponible en <strong>version provisoire<\/strong>, en attendant que la version finale soit d\u00e9pos\u00e9e, accompagn\u00e9e d\u2019un guide d\u2019accompagnement qui apportera des pr\u00e9cisions sur l\u2019utilisation de la grille.<\/p>\n<p class=\"desc\">Une deuxi\u00e8me version de la grille a \u00e9t\u00e9 con\u00e7ue pour permettre l&rsquo;appr\u00e9ciation des guides dont les situations d\u2019apprentissage, les t\u00e2ches ou les activit\u00e9s ne sont pas pr\u00e9sent\u00e9es selon les\u00a0phases de pr\u00e9paration, de r\u00e9alisation et d\u2019int\u00e9gration. Elle contient g\u00e9n\u00e9ralement les m\u00eames \u00e9nonc\u00e9s que ceux de la premi\u00e8re grille, mais regroup\u00e9s diff\u00e9remment.<\/p>\n<p class=\"desc\">Vous pouvez <a href=\"http:\/\/www.carrefourfga.com\/documents\/PPT_atelier.pdf\" target=\"_blank\">consulter\u00a0le PowerPoint<\/a> qui a \u00e9t\u00e9 utilis\u00e9 pour pr\u00e9senter l&rsquo;outil lors de la Rencontre nationale des gestionnaires et des responsables du soutien p\u00e9dagogique (27 janvier 2017)<\/p>\n<ul>\n<li><a href=\"http:\/\/www.carrefourfga.com\/documents\/Grille_FGA_13fevrier2017_phases.xlsx\">Grille d&rsquo;appr\u00e9ciation du mat\u00e9riel d&rsquo;apprentissage<\/a><\/li>\n<li><a href=\"http:\/\/www.carrefourfga.com\/documents\/Grille_FGA_13fevrier2017.xlsx\">Grille d&rsquo;appr\u00e9ciation du mat\u00e9riel d&rsquo;apprentissage<br \/>\n(version sans les phases de pr\u00e9paration, de r\u00e9alisation et d&rsquo;int\u00e9gration)<\/a><\/li>\n<\/ul>\n<\/div><\/div>[\/vc_column_text][\/vc_column_inner][vc_column_inner width=\u00a0\u00bb1\/4&Prime;][\/vc_column_inner][\/vc_row_inner][\/vc_column][\/vc_row]\n","protected":false},"excerpt":{"rendered":"<p>[vc_row bottom_padding=\u00a0\u00bb300px\u00a0\u00bb margin_bottom=\u00a0\u00bb\u00a0\u00bb bk_element=\u00a0\u00bbimage\u00a0\u00bb bg_image_repeat=\u00a0\u00bbverve_cover\u00a0\u00bb bg_image=\u00a0\u00bb894&Prime;][vc_column width=\u00a0\u00bb1\/1&Prime;][\/vc_column][\/vc_row][vc_row top_padding=\u00a0\u00bb72px\u00a0\u00bb bottom_padding=\u00a0\u00bb48px\u00a0\u00bb][vc_column width=\u00a0\u00bb1\/1&Prime;][vc_row_inner][vc_column_inner width=\u00a0\u00bb3\/4&Prime;][\/vc_column_inner][vc_column_inner width=\u00a0\u00bb1\/4&Prime;][vc_single_image image=\u00a0\u00bb289&Prime; img_size=\u00a0\u00bbfull\u00a0\u00bb onclick=\u00a0\u00bbcustom_link\u00a0\u00bb css_animation=\u00a0\u00bbbottom-to-top\u00a0\u00bb link=\u00a0\u00bbhttp:\/\/www.accompagnementfga.ca\/carrefourfga\/accompagnement-national\/\u00a0\u00bb][\/vc_column_inner][\/vc_row_inner][vc_row_inner custom_css=\u00a0\u00bbmargin-top:10px;\u00a0\u00bb][vc_column_inner width=\u00a0\u00bb1\/4&Prime; custom_css=\u00a0\u00bbmargin-left:70px;\u00a0\u00bb][vc_column_text css_animation=\u00a0\u00bbtop-to-bottom\u00a0\u00bb]\u2192 English as a Second Language \u2192 Fran\u00e7ais, langue d&rsquo;enseignement \u2192 Fran\u00e7ais, langue seconde \u2192 Francisation \u2192 Informatique[\/vc_column_text][\/vc_column_inner][vc_column_inner width=\u00a0\u00bb1\/4&Prime;][vc_column_text css_animation=\u00a0\u00bbtop-to-bottom\u00a0\u00bb]\u2192 Int\u00e9gration socioprofessionnelle \u2192 Math\u00e9matiques 2014-2016 \u2192 Math\u00e9matiques 2016-2017 \u2192 Univers social \u2192 Science et technologie[\/vc_column_text][\/vc_column_inner][vc_column_inner [&hellip;]<\/p>\n","protected":false},"author":1,"featured_media":0,"parent":0,"menu_order":0,"comment_status":"closed","ping_status":"closed","template":"","meta":{"footnotes":""},"_links":{"self":[{"href":"http:\/\/www.accompagnementfga.ca\/carrefourfga\/wp-json\/wp\/v2\/pages\/320"}],"collection":[{"href":"http:\/\/www.accompagnementfga.ca\/carrefourfga\/wp-json\/wp\/v2\/pages"}],"about":[{"href":"http:\/\/www.accompagnementfga.ca\/carrefourfga\/wp-json\/wp\/v2\/types\/page"}],"author":[{"embeddable":true,"href":"http:\/\/www.accompagnementfga.ca\/carrefourfga\/wp-json\/wp\/v2\/users\/1"}],"replies":[{"embeddable":true,"href":"http:\/\/www.accompagnementfga.ca\/carrefourfga\/wp-json\/wp\/v2\/comments?post=320"}],"version-history":[{"count":25,"href":"http:\/\/www.accompagnementfga.ca\/carrefourfga\/wp-json\/wp\/v2\/pages\/320\/revisions"}],"predecessor-version":[{"id":1148,"href":"http:\/\/www.accompagnementfga.ca\/carrefourfga\/wp-json\/wp\/v2\/pages\/320\/revisions\/1148"}],"wp:attachment":[{"href":"http:\/\/www.accompagnementfga.ca\/carrefourfga\/wp-json\/wp\/v2\/media?parent=320"}],"curies":[{"name":"wp","href":"https:\/\/api.w.org\/{rel}","templated":true}]}}

[vc_row bottom_padding= »300px » margin_bottom= » » bk_element= »image » bg_image_repeat= »verve_cover » bg_image= »894&Prime;][vc_column width= »1/1&Prime;][/vc_column][/vc_row][vc_row top_padding= »72px » bottom_padding= »48px »][vc_column width= »1/1&Prime;][vc_row_inner][vc_column_inner width= »3/4&Prime;]<div class="prk_service prk_service_left verve_bigger_service wpb_animate_when_almost_visible wpb_top-to-bottom" data-color="default" data-default="default"><i class="mdi mdi-account-switch colored_link_icon small_headings_color"></i><div class="clearfix"></div><div class="prk_service_ctt"><h4 class="big zero_color header_font prk_heavier_600">Accompagnement national</h4><div class="clearfix"></div><div class="verve_service_desc wpb_text_column prk_9_em">Afin d’apporter le support nécessaire aux enseignantes et aux enseignants dans le cadre de la mise en œuvre des nouveaux programmes, la DEAFC offre cette année un accompagnement portant sur différents aspects du programme d’études et de l’évaluation.</div></div></div>[/vc_column_inner][vc_column_inner width= »1/4&Prime;][vc_single_image image= »289&Prime; img_size= »full » onclick= »custom_link » css_animation= »bottom-to-top » link= »http://www.accompagnementfga.ca/carrefourfga/accompagnement-national/ »][/vc_column_inner][/vc_row_inner][vc_row_inner custom_css= »margin-top:10px; »][vc_column_inner width= »1/4&Prime; custom_css= »margin-left:70px; »][vc_column_text css_animation= »top-to-bottom »]<a href="http://www.accompagnementfga.ca/carrefourfga/accompagnement-national/esl">→ English as a Second Language<br />
</a><a href="http://www.accompagnementfga.ca/carrefourfga/accompagnement-national/FLE">→ Français, langue d&rsquo;enseignement<br />
</a><a href="http://www.accompagnementfga.ca/carrefourfga/accompagnement-national/FLS">→ Français, langue seconde<br />
</a><a href="http://www.accompagnementfga.ca/carrefourfga/accompagnement-national/francisation">→ Francisation<br />
</a><a href="http://www.accompagnementfga.ca/carrefourfga/accompagnement-national/Informatique">→ Informatique</a>[/vc_column_text][/vc_column_inner][vc_column_inner width= »1/4&Prime;][vc_column_text css_animation= »top-to-bottom »]<a href="http://www.accompagnementfga.ca/carrefourfga/accompagnement-national/ISP">→ Intégration socioprofessionnelle<br />
</a><a href="http://www.mathematiquefga.ca/" target="_blank">→ Mathématiques 2014-2016<br />
</a><a href="http://www.accompagnementfga.ca/carrefourfga/accompagnement-national/mathematique/">→ Mathématiques 2016-2017<br />
</a><a href="http://www.accompagnementfga.ca/carrefourfga/accompagnement-national/univers-social/">→ Univers social<br />
</a><a href="http://www.accompagnementfga.ca/carrefourfga/accompagnement-national/stcpb">→ Science et technologie</a>[/vc_column_text][/vc_column_inner][vc_column_inner width= »1/4&Prime;][vc_column_text css_animation= »top-to-bottom »]<strong>À venir</strong><br />
→ English, Language Arts[/vc_column_text][/vc_column_inner][vc_column_inner width= »1/4&Prime;][/vc_column_inner][/vc_row_inner][vc_row_inner custom_css= »margin-top:20px; »][vc_column_inner width= »3/4&Prime; custom_css= »padding-left:90px; »][vc_column_text css_animation= »top-to-bottom »]<div class="symple-toggle state-closed "><h3 class="symple-toggle-trigger ">Documents Intégration sociale</h3><div class="symple-toggle-container symple-clearfix"><a href="http://www.carrefourfga.com/documents/Rencontre%20nationale%2026-27%20janvier%202017.pdf" target="_blank">Rencontre nationale des gestionnaires et des responsables du soutien pédagogique (26-27 janvier 2017)<br />
Les adultes visés par le programme d&rsquo;études Intégration sociale de la formation générale des adultes</a></p>
<p><a href="http://www.carrefourfga.com/documents/DHS%20en%20integration%20sociale.pdf" target="_blank">Cours du développement des habiletés spécifiques (DHS) en intégration sociale</a></p>
</div></div><div class="symple-toggle state-closed "><h3 class="symple-toggle-trigger ">Grille d&#039;appréciation du matériel d&#039;apprentissage</h3><div class="symple-toggle-container symple-clearfix">La direction de l’éducation des adultes et de la formation continue du MEES, en collaboration avec le réseau, a développé une grille d’appréciation du matériel d’apprentissage pour aider les enseignants et les conseillers pédagogiques à choisir leur matériel didactique.</p>
<p class="desc">Il s’agit d’un <strong>outil non prescrit</strong> qui <strong>peut être adapté ou modifié</strong> en fonction des besoins.</p>
<p class="desc">À la demande du réseau, cette grille est rendue disponible en <strong>version provisoire</strong>, en attendant que la version finale soit déposée, accompagnée d’un guide d’accompagnement qui apportera des précisions sur l’utilisation de la grille.</p>
<p class="desc">Une deuxième version de la grille a été conçue pour permettre l&rsquo;appréciation des guides dont les situations d’apprentissage, les tâches ou les activités ne sont pas présentées selon les phases de préparation, de réalisation et d’intégration. Elle contient généralement les mêmes énoncés que ceux de la première grille, mais regroupés différemment.</p>
<p class="desc">Vous pouvez <a href="http://www.carrefourfga.com/documents/PPT_atelier.pdf" target="_blank">consulter le PowerPoint</a> qui a été utilisé pour présenter l&rsquo;outil lors de la Rencontre nationale des gestionnaires et des responsables du soutien pédagogique (27 janvier 2017)</p>
<ul>
<li><a href="http://www.carrefourfga.com/documents/Grille_FGA_13fevrier2017_phases.xlsx">Grille d&rsquo;appréciation du matériel d&rsquo;apprentissage</a></li>
<li><a href="http://www.carrefourfga.com/documents/Grille_FGA_13fevrier2017.xlsx">Grille d&rsquo;appréciation du matériel d&rsquo;apprentissage<br />
(version sans les phases de préparation, de réalisation et d&rsquo;intégration)</a></li>
</ul>
</div></div>[/vc_column_text][/vc_column_inner][vc_column_inner width= »1/4&Prime;][/vc_column_inner][/vc_row_inner][/vc_column][/vc_row]

<p>[vc_row bottom_padding= »300px » margin_bottom= » » bk_element= »image » bg_image_repeat= »verve_cover » bg_image= »894&Prime;][vc_column width= »1/1&Prime;][/vc_column][/vc_row][vc_row top_padding= »72px » bottom_padding= »48px »][vc_column width= »1/1&Prime;][vc_row_inner][vc_column_inner width= »3/4&Prime;][/vc_column_inner][vc_column_inner width= »1/4&Prime;][vc_single_image image= »289&Prime; img_size= »full » onclick= »custom_link » css_animation= »bottom-to-top » link= »http://www.accompagnementfga.ca/carrefourfga/accompagnement-national/ »][/vc_column_inner][/vc_row_inner][vc_row_inner custom_css= »margin-top:10px; »][vc_column_inner width= »1/4&Prime; custom_css= »margin-left:70px; »][vc_column_text css_animation= »top-to-bottom »]→ English as a Second Language → Français, langue d&rsquo;enseignement → Français, langue seconde → Francisation → Informatique[/vc_column_text][/vc_column_inner][vc_column_inner width= »1/4&Prime;][vc_column_text css_animation= »top-to-bottom »]→ Intégration socioprofessionnelle → Mathématiques 2014-2016 → Mathématiques 2016-2017 → Univers social → Science et technologie[/vc_column_text][/vc_column_inner][vc_column_inner [&hellip;]</p>
