{"id":1551,"date":"2017-05-02T10:27:25","date_gmt":"2017-05-02T15:27:25","guid":{"rendered":"http:\/\/www.accompagnementfga.ca\/carrefourfga\/?page_id=1551"},"modified":"2017-05-03T15:24:20","modified_gmt":"2017-05-03T20:24:20","slug":"organisations-impliquees","status":"publish","type":"page","link":"http:\/\/www.accompagnementfga.ca\/carrefourfga\/implantation\/organisations-impliquees\/","title":{"rendered":"Organisations impliqu\u00e9es"},"content":{"rendered":"[vc_row bk_type=\u00a0\u00bbverve_full_row\u00a0\u00bb bk_element=\u00a0\u00bbimage\u00a0\u00bb bg_image_repeat=\u00a0\u00bbverve_cover_bottom\u00a0\u00bb font_color=\u00a0\u00bb#ffffff\u00a0\u00bb css_animation=\u00a0\u00bbverve_fade_waypoint\u00a0\u00bb bg_color=\u00a0\u00bb#efefef\u00a0\u00bb bg_image=\u00a0\u00bb1574&Prime;][vc_column width=\u00a0\u00bb1\/1&Prime;]<div class=\"verve_spacer clearfix\" style=\"height:18px;\"><\/div><div class=\"verve_spacer clearfix\" style=\"height:18px;\"><\/div>[vc_row_inner][vc_column_inner width=\u00a0\u00bb1\/4&Prime;][\/vc_column_inner][vc_column_inner width=\u00a0\u00bb2\/4&Prime;]<div class=\"verve_spacer clearfix\" style=\"height:15px;\"><\/div>[vc_column_text custom_css=\u00a0\u00bbletter-spacing: 8px;\u00a0\u00bb]\n<h1 style=\"text-align: center;\"><span style=\"color: #ffffff;\">ORGANISATIONS IMPLIQU\u00c9ES<\/span><\/h1>\n[\/vc_column_text][\/vc_column_inner][vc_column_inner width=\u00a0\u00bb1\/4&Prime;][\/vc_column_inner][\/vc_row_inner]<div class=\"verve_spacer clearfix\" style=\"height:18px;\"><\/div><div class=\"verve_spacer clearfix\" style=\"height:18px;\"><\/div>[vc_column_text css_animation=\u00a0\u00bbvrv_fadeInLeftBig\u00a0\u00bb custom_css=\u00a0\u00bbletter-spacing: 4px;\u00a0\u00bb]\n<h4 style=\"text-align: center;\">ALEXANDRIE FGA<\/h4>\n[\/vc_column_text][vc_column_text css_animation=\u00a0\u00bbvrv_fadeInRightBig\u00a0\u00bb]\n<p style=\"text-align: center;\">Lieu de partage d&rsquo;outils et de mat\u00e9riel p\u00e9dagogique con\u00e7us par et pour le personnel scolaire FGA.<\/p>\n[\/vc_column_text]<div class=\"verve_spacer clearfix\" style=\"height:18px;\"><\/div>[vc_column_text css_animation=\u00a0\u00bbvrv_fadeInLeftBig\u00a0\u00bb custom_css=\u00a0\u00bbletter-spacing: 4px;\u00a0\u00bb]\n<h4 style=\"text-align: center;\">ADIGECS<\/h4>\n[\/vc_column_text][vc_column_text css_animation=\u00a0\u00bbvrv_fadeInRightBig\u00a0\u00bb]\n<p style=\"text-align: center;\">Association des directions g\u00e9n\u00e9rales des commissions scolaires<\/p>\n[\/vc_column_text]<div class=\"verve_spacer clearfix\" style=\"height:18px;\"><\/div>[vc_column_text css_animation=\u00a0\u00bbvrv_fadeInLeftBig\u00a0\u00bb custom_css=\u00a0\u00bbletter-spacing: 4px;\u00a0\u00bb]\n<h4 style=\"text-align: center;\">AQIFGA<\/h4>\n[\/vc_column_text][vc_column_text css_animation=\u00a0\u00bbvrv_fadeInRightBig\u00a0\u00bb]\n<p style=\"text-align: center;\">Association qu\u00e9b\u00e9coise des intervenantes et des intervenants en formation g\u00e9n\u00e9rale des adultes<\/p>\n[\/vc_column_text]<div class=\"verve_spacer clearfix\" style=\"height:18px;\"><\/div>[vc_column_text css_animation=\u00a0\u00bbvrv_fadeInLeftBig\u00a0\u00bb custom_css=\u00a0\u00bbletter-spacing: 4px;\u00a0\u00bb]\n<h4 style=\"text-align: center;\">CARREFOUR FGA<\/h4>\n[\/vc_column_text][vc_column_text css_animation=\u00a0\u00bbvrv_fadeInRightBig\u00a0\u00bb]\n<p style=\"text-align: center;\">Le Carrefour FGA est un regroupement de sites qu\u00e9b\u00e9cois con\u00e7us pour la formation g\u00e9n\u00e9rale des adultes (FGA).<\/p>\n[\/vc_column_text]<div class=\"verve_spacer clearfix\" style=\"height:18px;\"><\/div>[vc_column_text css_animation=\u00a0\u00bbvrv_fadeInLeftBig\u00a0\u00bb custom_css=\u00a0\u00bbletter-spacing: 4px;\u00a0\u00bb]\n<h4 style=\"text-align: center;\">CPFGFPSAE DE L&rsquo;AQCS<\/h4>\n[\/vc_column_text][vc_column_text css_animation=\u00a0\u00bbvrv_fadeInRightBig\u00a0\u00bb]\n<p style=\"text-align: center;\">Commission professionnelle de la formation g\u00e9n\u00e9rale, professionnelle et aux entreprises de l&rsquo;Association qu\u00e9b\u00e9coise des cadres scolaires<\/p>\n[\/vc_column_text]<div class=\"verve_spacer clearfix\" style=\"height:18px;\"><\/div>[vc_column_text css_animation=\u00a0\u00bbvrv_fadeInLeftBig\u00a0\u00bb custom_css=\u00a0\u00bbletter-spacing: 4px;\u00a0\u00bb]\n<h4 style=\"text-align: center;\">DEAFC<\/h4>\n[\/vc_column_text][vc_column_text css_animation=\u00a0\u00bbvrv_fadeInRightBig\u00a0\u00bb]\n<p style=\"text-align: center;\">Direction de l&rsquo;\u00e9ducation des adultes et de la formation continue<\/p>\n[\/vc_column_text]<div class=\"verve_spacer clearfix\" style=\"height:18px;\"><\/div>[vc_column_text css_animation=\u00a0\u00bbvrv_fadeInLeftBig\u00a0\u00bb custom_css=\u00a0\u00bbletter-spacing: 4px;\u00a0\u00bb]\n<h4 style=\"text-align: center;\">GRICS<\/h4>\n[\/vc_column_text][vc_column_text css_animation=\u00a0\u00bbvrv_fadeInRightBig\u00a0\u00bb]\n<p style=\"text-align: center;\">\u00c9quipe BIM de la GRICS<\/p>\n[\/vc_column_text]<div class=\"verve_spacer clearfix\" style=\"height:18px;\"><\/div>[vc_column_text css_animation=\u00a0\u00bbvrv_fadeInLeftBig\u00a0\u00bb custom_css=\u00a0\u00bbletter-spacing: 4px;\u00a0\u00bb]\n<h4 style=\"text-align: center;\">MILIEU CARC\u00c9RAL<\/h4>\n[\/vc_column_text][vc_column_text css_animation=\u00a0\u00bbvrv_fadeInRightBig\u00a0\u00bb]\n<p style=\"text-align: center;\">Coordinations de la formation en milieu carc\u00e9ral<\/p>\n[\/vc_column_text]<div class=\"verve_spacer clearfix\" style=\"height:18px;\"><\/div>[vc_column_text css_animation=\u00a0\u00bbvrv_fadeInLeftBig\u00a0\u00bb custom_css=\u00a0\u00bbletter-spacing: 4px;\u00a0\u00bb]\n<h4 style=\"text-align: center;\">FGA MONT\u00c9R\u00c9GIE<\/h4>\n[\/vc_column_text][vc_column_text css_animation=\u00a0\u00bbvrv_fadeInRightBig\u00a0\u00bb]\n<p style=\"text-align: center;\">FGA Mont\u00e9r\u00e9gie est anim\u00e9 par le sous-comit\u00e9 FGA de la Mont\u00e9r\u00e9gie.<\/p>\n[\/vc_column_text]<div class=\"verve_spacer clearfix\" style=\"height:18px;\"><\/div>[vc_column_text css_animation=\u00a0\u00bbvrv_fadeInLeftBig\u00a0\u00bb custom_css=\u00a0\u00bbletter-spacing: 4px;\u00a0\u00bb]\n<h4 style=\"text-align: center;\">PROCEDE<\/h4>\n[\/vc_column_text][vc_column_text css_animation=\u00a0\u00bbvrv_fadeInRightBig\u00a0\u00bb]\n<p style=\"text-align: center;\">Provincial Organization of Continuing Education Directors English<\/p>\n[\/vc_column_text]<div class=\"verve_spacer clearfix\" style=\"height:18px;\"><\/div>[vc_column_text css_animation=\u00a0\u00bbvrv_fadeInLeftBig\u00a0\u00bb custom_css=\u00a0\u00bbletter-spacing: 4px;\u00a0\u00bb]\n<h4 style=\"text-align: center;\">R\u00c9CIT FGA<\/h4>\n[\/vc_column_text][vc_column_text css_animation=\u00a0\u00bbvrv_fadeInRightBig\u00a0\u00bb]\n<p style=\"text-align: center;\">R\u00e9seau pour le d\u00e9veloppement des comp\u00e9tences par l&rsquo;int\u00e9gration des technologies de la formation g\u00e9n\u00e9rale des adultes<\/p>\n[\/vc_column_text]<div class=\"verve_spacer clearfix\" style=\"height:18px;\"><\/div>[vc_column_text css_animation=\u00a0\u00bbvrv_fadeInLeftBig\u00a0\u00bb custom_css=\u00a0\u00bbletter-spacing: 4px;\u00a0\u00bb]\n<h4 style=\"text-align: center;\">SOFAD<\/h4>\n[\/vc_column_text][vc_column_text css_animation=\u00a0\u00bbvrv_fadeInRightBig\u00a0\u00bb]\n<p style=\"text-align: center;\">Soci\u00e9t\u00e9 de formation \u00e0 distance des commissions scolaires du Qu\u00e9bec<\/p>\n[\/vc_column_text]<div class=\"verve_spacer clearfix\" style=\"height:18px;\"><\/div>[vc_column_text css_animation=\u00a0\u00bbvrv_fadeInLeftBig\u00a0\u00bb custom_css=\u00a0\u00bbletter-spacing: 4px;\u00a0\u00bb]\n<h4 style=\"text-align: center;\">TR\u00c9AQFP<\/h4>\n[\/vc_column_text][vc_column_text css_animation=\u00a0\u00bbvrv_fadeInRightBig\u00a0\u00bb]\n<p style=\"text-align: center;\">Table des responsables de l&rsquo;\u00e9ducation des adultes et de la formation professionnelle des commissions scolaires du Qu\u00e9bec<\/p>\n[\/vc_column_text]<div class=\"verve_spacer clearfix\" style=\"height:18px;\"><\/div><div class=\"verve_spacer clearfix\" style=\"height:18px;\"><\/div>[vc_row_inner][vc_column_inner width=\u00a0\u00bb1\/3&Prime;][\/vc_column_inner][vc_column_inner width=\u00a0\u00bb1\/3&Prime;]<div class=\"colored_theme_button prk_medium wpb_animate_when_almost_visible wpb_verve_fade_waypoint vrv_shortcoded\"><a href=\"http:\/\/www.accompagnementfga.ca\/carrefourfga\/portfolios\/implantation\/\" target=\"_self\" class=\"verve_anchor\" style=\"width:100%; background-color:#000000;\">\u2190 Implantation du nouveau curriculum<\/a><\/div><div class=\"verve_spacer clearfix\" style=\"height:50px;\"><\/div><div class=\"verve_spacer clearfix\" style=\"height:50px;\"><\/div>[\/vc_column_inner][vc_column_inner width=\u00a0\u00bb1\/3&Prime;][\/vc_column_inner][\/vc_row_inner][\/vc_column][\/vc_row]\n","protected":false},"excerpt":{"rendered":"<p>[vc_row bk_type=\u00a0\u00bbverve_full_row\u00a0\u00bb bk_element=\u00a0\u00bbimage\u00a0\u00bb bg_image_repeat=\u00a0\u00bbverve_cover_bottom\u00a0\u00bb font_color=\u00a0\u00bb#ffffff\u00a0\u00bb css_animation=\u00a0\u00bbverve_fade_waypoint\u00a0\u00bb bg_color=\u00a0\u00bb#efefef\u00a0\u00bb bg_image=\u00a0\u00bb1574&Prime;][vc_column width=\u00a0\u00bb1\/1&Prime;][vc_row_inner][vc_column_inner width=\u00a0\u00bb1\/4&Prime;][\/vc_column_inner][vc_column_inner width=\u00a0\u00bb2\/4&Prime;][vc_column_text custom_css=\u00a0\u00bbletter-spacing: 8px;\u00a0\u00bb] ORGANISATIONS IMPLIQU\u00c9ES [\/vc_column_text][\/vc_column_inner][vc_column_inner width=\u00a0\u00bb1\/4&Prime;][\/vc_column_inner][\/vc_row_inner][vc_column_text css_animation=\u00a0\u00bbvrv_fadeInLeftBig\u00a0\u00bb custom_css=\u00a0\u00bbletter-spacing: 4px;\u00a0\u00bb] ALEXANDRIE FGA [\/vc_column_text][vc_column_text css_animation=\u00a0\u00bbvrv_fadeInRightBig\u00a0\u00bb] Lieu de partage d&rsquo;outils et de mat\u00e9riel p\u00e9dagogique con\u00e7us par et pour le personnel scolaire FGA. [\/vc_column_text][vc_column_text css_animation=\u00a0\u00bbvrv_fadeInLeftBig\u00a0\u00bb custom_css=\u00a0\u00bbletter-spacing: 4px;\u00a0\u00bb] ADIGECS [\/vc_column_text][vc_column_text css_animation=\u00a0\u00bbvrv_fadeInRightBig\u00a0\u00bb] Association des directions g\u00e9n\u00e9rales des commissions scolaires [\/vc_column_text][vc_column_text [&hellip;]<\/p>\n","protected":false},"author":1,"featured_media":0,"parent":343,"menu_order":0,"comment_status":"closed","ping_status":"closed","template":"","meta":{"footnotes":""},"_links":{"self":[{"href":"http:\/\/www.accompagnementfga.ca\/carrefourfga\/wp-json\/wp\/v2\/pages\/1551"}],"collection":[{"href":"http:\/\/www.accompagnementfga.ca\/carrefourfga\/wp-json\/wp\/v2\/pages"}],"about":[{"href":"http:\/\/www.accompagnementfga.ca\/carrefourfga\/wp-json\/wp\/v2\/types\/page"}],"author":[{"embeddable":true,"href":"http:\/\/www.accompagnementfga.ca\/carrefourfga\/wp-json\/wp\/v2\/users\/1"}],"replies":[{"embeddable":true,"href":"http:\/\/www.accompagnementfga.ca\/carrefourfga\/wp-json\/wp\/v2\/comments?post=1551"}],"version-history":[{"count":29,"href":"http:\/\/www.accompagnementfga.ca\/carrefourfga\/wp-json\/wp\/v2\/pages\/1551\/revisions"}],"predecessor-version":[{"id":1717,"href":"http:\/\/www.accompagnementfga.ca\/carrefourfga\/wp-json\/wp\/v2\/pages\/1551\/revisions\/1717"}],"up":[{"embeddable":true,"href":"http:\/\/www.accompagnementfga.ca\/carrefourfga\/wp-json\/wp\/v2\/pages\/343"}],"wp:attachment":[{"href":"http:\/\/www.accompagnementfga.ca\/carrefourfga\/wp-json\/wp\/v2\/media?parent=1551"}],"curies":[{"name":"wp","href":"https:\/\/api.w.org\/{rel}","templated":true}]}}